Last updated on 2024-06-16 09:56:00 CEST.
Flavor | Version | Tinstall | Tcheck | Ttotal | Status | Flags |
---|---|---|---|---|---|---|
r-devel-linux-x86_64-debian-clang | 0.14.0 | 15.18 | 145.94 | 161.12 | OK | |
r-devel-linux-x86_64-debian-gcc | 0.14.0 | 12.13 | 107.98 | 120.11 | OK | |
r-devel-linux-x86_64-fedora-clang | 0.14.0 | 196.65 | NOTE | |||
r-devel-linux-x86_64-fedora-gcc | 0.14.0 | 191.71 | NOTE | |||
r-devel-windows-x86_64 | 0.14.0 | 14.00 | 120.00 | 134.00 | OK | |
r-patched-linux-x86_64 | 0.14.0 | 22.19 | 135.13 | 157.32 | OK | |
r-release-linux-x86_64 | 0.14.0 | 15.94 | 135.00 | 150.94 | OK | |
r-release-macos-arm64 | 0.14.0 | 58.00 | OK | |||
r-release-macos-x86_64 | 0.14.0 | 84.00 | OK | |||
r-release-windows-x86_64 | 0.14.0 | 16.00 | 119.00 | 135.00 | OK | |
r-oldrel-macos-arm64 | 0.14.0 | 54.00 | OK | |||
r-oldrel-macos-x86_64 | 0.14.0 | 100.00 | OK | |||
r-oldrel-windows-x86_64 | 0.14.0 | 19.00 | 146.00 | 165.00 | OK |
Version: 0.14.0
Check: data for non-ASCII characters
Result: NOTE
Note: found 59 marked UTF-8 strings
Flavors: r-devel-linux-x86_64-fedora-clang, r-devel-linux-x86_64-fedora-gcc