Last updated on 2024-06-16 09:56:00 CEST.
Flavor | Version | Tinstall | Tcheck | Ttotal | Status | Flags |
---|---|---|---|---|---|---|
r-devel-linux-x86_64-debian-clang | 0.0.61 | 26.67 | 31.44 | 58.11 | OK | |
r-devel-linux-x86_64-debian-gcc | 0.0.61 | 15.45 | 24.60 | 40.05 | OK | |
r-devel-linux-x86_64-fedora-clang | 0.0.61 | 76.26 | NOTE | |||
r-devel-linux-x86_64-fedora-gcc | 0.0.61 | 77.45 | OK | |||
r-devel-windows-x86_64 | 0.0.61 | 20.00 | 65.00 | 85.00 | OK | |
r-patched-linux-x86_64 | 0.0.61 | 22.18 | 30.89 | 53.07 | OK | |
r-release-linux-x86_64 | 0.0.61 | 19.01 | 31.02 | 50.03 | OK | |
r-release-macos-arm64 | 0.0.61 | 23.00 | OK | |||
r-release-macos-x86_64 | 0.0.61 | 33.00 | OK | |||
r-release-windows-x86_64 | 0.0.61 | 21.00 | 69.00 | 90.00 | OK | |
r-oldrel-macos-arm64 | 0.0.61 | 25.00 | OK | |||
r-oldrel-macos-x86_64 | 0.0.61 | 37.00 | OK | |||
r-oldrel-windows-x86_64 | 0.0.61 | 24.00 | 76.00 | 100.00 | OK |
Version: 0.0.61
Check: Rd cross-references
Result: NOTE
Undeclared package ‘data.table’ in Rd xrefs
Flavor: r-devel-linux-x86_64-fedora-clang