Last updated on 2024-06-10 09:49:01 CEST.
Flavor | Version | Tinstall | Tcheck | Ttotal | Status | Flags |
---|---|---|---|---|---|---|
r-devel-linux-x86_64-debian-clang | 0.9-2.1 | 3.89 | 33.76 | 37.65 | NOTE | |
r-devel-linux-x86_64-debian-gcc | 0.9-2.1 | 3.52 | 25.58 | 29.10 | WARN | |
r-devel-linux-x86_64-fedora-clang | 0.9-2.1 | 48.37 | WARN | |||
r-devel-linux-x86_64-fedora-gcc | 0.9-2.1 | 45.10 | WARN | |||
r-devel-windows-x86_64 | 0.9-2.1 | 7.00 | 48.00 | 55.00 | WARN | |
r-patched-linux-x86_64 | 0.9-2.1 | 3.94 | 32.04 | 35.98 | WARN | |
r-release-linux-x86_64 | 0.9-2.1 | 3.56 | 32.18 | 35.74 | NOTE | |
r-release-macos-arm64 | 0.9-2.1 | 18.00 | OK | |||
r-release-macos-x86_64 | 0.9-2.1 | 26.00 | OK | |||
r-release-windows-x86_64 | 0.9-2.1 | 7.00 | 47.00 | 54.00 | OK | |
r-oldrel-macos-arm64 | 0.9-2.1 | 19.00 | OK | |||
r-oldrel-macos-x86_64 | 0.9-2.1 | 28.00 | NOTE | |||
r-oldrel-windows-x86_64 | 0.9-2.1 | 7.00 | 50.00 | 57.00 | OK |
Version: 0.9-2.1
Check: R code for possible problems
Result: NOTE
Found the following calls to data() loading into the global environment:
File ‘biglm/R/bigglm.R’:
data(reset = TRUE)
data(reset = FALSE)
See section ‘Good practice’ in ‘?data’.
Flavors: r-devel-linux-x86_64-debian-clang, r-devel-linux-x86_64-debian-gcc, r-devel-linux-x86_64-fedora-clang, r-patched-linux-x86_64, r-release-linux-x86_64
Version: 0.9-2.1
Check: whether package can be installed
Result: WARN
Found the following significant warnings:
Warning: Fortran 2018 deleted feature: DO termination statement which is not END DO or CONTINUE with label 10 at (1)
See ‘/home/hornik/tmp/R.check/r-devel-gcc/Work/PKGS/biglm.Rcheck/00install.out’ for details.
* used C compiler: ‘gcc-13 (Debian 13.2.0-25) 13.2.0’
* used Fortran compiler: ‘GNU Fortran (Debian 13.2.0-25) 13.2.0’
Flavor: r-devel-linux-x86_64-debian-gcc
Version: 0.9-2.1
Check: whether package can be installed
Result: WARN
Found the following significant warnings:
./boundedQRf.f:106:7: portability: A DO loop should terminate with an END DO or CONTINUE
./boundedQRf.f:152:7: portability: A DO loop should terminate with an END DO or CONTINUE
See ‘/data/gannet/ripley/R/packages/tests-clang/biglm.Rcheck/00install.out’ for details.
* used C compiler: ‘clang version 18.1.6’
* used Fortran compiler: ‘flang-new version 18.1.6’
Flavor: r-devel-linux-x86_64-fedora-clang
Version: 0.9-2.1
Check: compiled code
Result: NOTE
File ‘biglm/libs/biglm.so’:
Found no calls to: ‘R_registerRoutines’, ‘R_useDynamicSymbols’
It is good practice to register native routines and to disable symbol
search.
See ‘Writing portable packages’ in the ‘Writing R Extensions’ manual.
Flavors: r-devel-linux-x86_64-fedora-clang, r-devel-linux-x86_64-fedora-gcc
Version: 0.9-2.1
Check: whether package can be installed
Result: WARN
Found the following significant warnings:
Warning: Fortran 2018 deleted feature: DO termination statement which is not END DO or CONTINUE with label 10 at (1)
See ‘/data/gannet/ripley/R/packages/tests-devel/biglm.Rcheck/00install.out’ for details.
* used C compiler: ‘gcc-14 (GCC) 14.1.0’
* used Fortran compiler: ‘GNU Fortran (GCC) 14.1.0’
Flavor: r-devel-linux-x86_64-fedora-gcc
Version: 0.9-2.1
Check: whether package can be installed
Result: WARN
Found the following significant warnings:
Warning: Fortran 2018 deleted feature: DO termination statement which is not END DO or CONTINUE with label 10 at (1)
See 'd:/Rcompile/CRANpkg/local/4.5/biglm.Rcheck/00install.out' for details.
* used C compiler: 'gcc.exe (GCC) 13.2.0'
* used Fortran compiler: 'GNU Fortran (GCC) 13.2.0'
Flavor: r-devel-windows-x86_64
Version: 0.9-2.1
Check: whether package can be installed
Result: WARN
Found the following significant warnings:
Warning: Fortran 2018 deleted feature: DO termination statement which is not END DO or CONTINUE with label 10 at (1)
See ‘/home/hornik/tmp/R.check/r-patched-gcc/Work/PKGS/biglm.Rcheck/00install.out’ for details.
* used C compiler: ‘gcc-13 (Debian 13.2.0-25) 13.2.0’
* used Fortran compiler: ‘GNU Fortran (Debian 13.2.0-25) 13.2.0’
Flavor: r-patched-linux-x86_64
Version: 0.9-2.1
Check: package dependencies
Result: NOTE
Package suggested but not available for checking: ‘RODBC’
Package which this enhances but not available for checking: ‘leaps’
Flavor: r-oldrel-macos-x86_64