Last updated on 2024-06-10 09:49:01 CEST.
Flavor | Version | Tinstall | Tcheck | Ttotal | Status | Flags |
---|---|---|---|---|---|---|
r-devel-linux-x86_64-debian-clang | 0.9.0 | 3.01 | 38.14 | 41.15 | OK | |
r-devel-linux-x86_64-debian-gcc | 0.9.0 | 2.80 | 28.68 | 31.48 | OK | |
r-devel-linux-x86_64-fedora-clang | 0.9.0 | 54.31 | NOTE | |||
r-devel-linux-x86_64-fedora-gcc | 0.9.0 | 49.29 | NOTE | |||
r-devel-windows-x86_64 | 0.9.0 | 4.00 | 50.00 | 54.00 | OK | |
r-patched-linux-x86_64 | 0.9.0 | 3.49 | 35.70 | 39.19 | OK | |
r-release-linux-x86_64 | 0.9.0 | 2.75 | 36.48 | 39.23 | OK | |
r-release-macos-arm64 | 0.9.0 | 20.00 | OK | |||
r-release-macos-x86_64 | 0.9.0 | 32.00 | OK | |||
r-release-windows-x86_64 | 0.9.0 | 4.00 | 56.00 | 60.00 | OK | |
r-oldrel-macos-arm64 | 0.9.0 | 21.00 | OK | |||
r-oldrel-macos-x86_64 | 0.9.0 | 23.00 | OK | |||
r-oldrel-windows-x86_64 | 0.9.0 | 6.00 | 53.00 | 59.00 | OK |
Version: 0.9.0
Check: data for non-ASCII characters
Result: NOTE
Note: found 148 marked UTF-8 strings
Flavors: r-devel-linux-x86_64-fedora-clang, r-devel-linux-x86_64-fedora-gcc