Last updated on 2024-06-10 09:49:00 CEST.
Flavor | Version | Tinstall | Tcheck | Ttotal | Status | Flags |
---|---|---|---|---|---|---|
r-devel-linux-x86_64-debian-clang | 3.3.1 | 33.60 | 223.61 | 257.21 | NOTE | |
r-devel-linux-x86_64-debian-gcc | 3.3.1 | 26.00 | 151.89 | 177.89 | NOTE | |
r-devel-linux-x86_64-fedora-clang | 3.3.1 | 304.90 | NOTE | |||
r-devel-linux-x86_64-fedora-gcc | 3.3.1 | 284.73 | NOTE | |||
r-devel-windows-x86_64 | 3.3.1 | 30.00 | 177.00 | 207.00 | NOTE | |
r-patched-linux-x86_64 | 3.3.1 | 38.07 | 199.99 | 238.06 | NOTE | |
r-release-linux-x86_64 | 3.3.1 | 32.30 | 198.28 | 230.58 | NOTE | |
r-release-macos-arm64 | 3.3.1 | 72.00 | NOTE | |||
r-release-macos-x86_64 | 3.3.1 | 119.00 | NOTE | |||
r-release-windows-x86_64 | 3.3.1 | 27.00 | 179.00 | 206.00 | NOTE | |
r-oldrel-macos-arm64 | 3.3.1 | 101.00 | NOTE | |||
r-oldrel-macos-x86_64 | 3.3.1 | 188.00 | NOTE | |||
r-oldrel-windows-x86_64 | 3.3.1 | 36.00 | 216.00 | 252.00 | NOTE |
Version: 3.3.1
Check: package dependencies
Result: NOTE
Packages suggested but not available for checking:
'sfit', 'expectile', 'HaarSeg', 'mpcbs'
Flavors: r-devel-linux-x86_64-debian-clang, r-devel-linux-x86_64-debian-gcc, r-devel-linux-x86_64-fedora-clang, r-devel-linux-x86_64-fedora-gcc, r-devel-windows-x86_64, r-patched-linux-x86_64, r-release-linux-x86_64, r-release-macos-arm64, r-release-macos-x86_64, r-release-windows-x86_64, r-oldrel-windows-x86_64
Version: 3.3.1
Check: package dependencies
Result: NOTE
Packages suggested but not available for checking:
'GLAD', 'sfit', 'expectile', 'HaarSeg', 'mpcbs'
Flavors: r-oldrel-macos-arm64, r-oldrel-macos-x86_64
Version: 3.3.1
Check: Rd cross-references
Result: NOTE
Package unavailable to check Rd xrefs: ‘GLAD’
Flavors: r-oldrel-macos-arm64, r-oldrel-macos-x86_64