Last updated on 2024-06-16 09:55:59 CEST.
Flavor | Version | Tinstall | Tcheck | Ttotal | Status | Flags |
---|---|---|---|---|---|---|
r-devel-linux-x86_64-debian-clang | 1.0.0 | 4.54 | 45.09 | 49.63 | OK | |
r-devel-linux-x86_64-debian-gcc | 1.0.0 | 2.75 | 33.68 | 36.43 | OK | |
r-devel-linux-x86_64-fedora-clang | 1.0.0 | 61.32 | NOTE | |||
r-devel-linux-x86_64-fedora-gcc | 1.0.0 | 70.41 | NOTE | |||
r-devel-windows-x86_64 | 1.0.0 | 4.00 | 54.00 | 58.00 | OK | |
r-patched-linux-x86_64 | 1.0.0 | 3.80 | 42.60 | 46.40 | OK | |
r-release-linux-x86_64 | 1.0.0 | 3.34 | 42.88 | 46.22 | OK | |
r-release-macos-arm64 | 1.0.0 | 28.00 | OK | |||
r-release-macos-x86_64 | 1.0.0 | 44.00 | OK | |||
r-release-windows-x86_64 | 1.0.0 | 6.00 | 55.00 | 61.00 | OK | |
r-oldrel-macos-arm64 | 1.0.0 | 29.00 | OK | |||
r-oldrel-macos-x86_64 | 1.0.0 | 41.00 | OK | |||
r-oldrel-windows-x86_64 | 1.0.0 | 6.00 | 58.00 | 64.00 | OK |
Version: 1.0.0
Check: dependencies in R code
Result: NOTE
Namespaces in Imports field not imported from:
‘purrr’ ‘shinyBS’ ‘shinydashboard’ ‘shinyjs’
All declared Imports should be used.
Flavors: r-devel-linux-x86_64-fedora-clang, r-devel-linux-x86_64-fedora-gcc