Last updated on 2024-06-10 09:49:00 CEST.
Flavor | Version | Tinstall | Tcheck | Ttotal | Status | Flags |
---|---|---|---|---|---|---|
r-devel-linux-x86_64-debian-clang | 1.1.2 | 16.62 | 24.41 | 41.03 | OK | |
r-devel-linux-x86_64-debian-gcc | 1.1.2 | 12.08 | 19.16 | 31.24 | OK | |
r-devel-linux-x86_64-fedora-clang | 1.1.2 | 53.98 | NOTE | |||
r-devel-linux-x86_64-fedora-gcc | 1.1.2 | 52.78 | NOTE | |||
r-devel-windows-x86_64 | 1.1.2 | 15.00 | 39.00 | 54.00 | OK | |
r-patched-linux-x86_64 | 1.1.2 | 17.14 | 23.23 | 40.37 | OK | |
r-release-linux-x86_64 | 1.1.2 | 16.33 | 23.13 | 39.46 | OK | |
r-release-macos-arm64 | 1.1.2 | 26.00 | OK | |||
r-release-macos-x86_64 | 1.1.2 | 32.00 | OK | |||
r-release-windows-x86_64 | 1.1.2 | 16.00 | 38.00 | 54.00 | OK | |
r-oldrel-macos-arm64 | 1.1.2 | 30.00 | OK | |||
r-oldrel-macos-x86_64 | 1.1.2 | 35.00 | OK | |||
r-oldrel-windows-x86_64 | 1.1.2 | 17.00 | 40.00 | 57.00 | OK |
Version: 1.1.2
Check: data for non-ASCII characters
Result: NOTE
Note: found 134469 marked UTF-8 strings
Flavors: r-devel-linux-x86_64-fedora-clang, r-devel-linux-x86_64-fedora-gcc