Last updated on 2024-06-16 09:56:16 CEST.
Flavor | Version | Tinstall | Tcheck | Ttotal | Status | Flags |
---|---|---|---|---|---|---|
r-devel-linux-x86_64-debian-clang | 4.0 | 11.43 | 107.92 | 119.35 | OK | |
r-devel-linux-x86_64-debian-gcc | 4.0 | 8.53 | 80.64 | 89.17 | OK | |
r-devel-linux-x86_64-fedora-clang | 4.0 | 146.83 | NOTE | |||
r-devel-linux-x86_64-fedora-gcc | 4.0 | 140.35 | NOTE | |||
r-devel-windows-x86_64 | 4.0 | 12.00 | 92.00 | 104.00 | OK | |
r-patched-linux-x86_64 | 4.0 | 15.18 | 101.63 | 116.81 | OK | |
r-release-linux-x86_64 | 4.0 | 10.01 | 102.78 | 112.79 | OK | |
r-release-macos-arm64 | 4.0 | 50.00 | OK | |||
r-release-macos-x86_64 | 4.0 | 66.00 | OK | |||
r-release-windows-x86_64 | 4.0 | 13.00 | 96.00 | 109.00 | OK | |
r-oldrel-macos-arm64 | 4.0 | 46.00 | OK | |||
r-oldrel-macos-x86_64 | 4.0 | 77.00 | OK | |||
r-oldrel-windows-x86_64 | 4.0 | 15.00 | 119.00 | 134.00 | OK |
Version: 4.0
Check: compiled code
Result: NOTE
File ‘SparseTSCGM/libs/SparseTSCGM.so’:
Found no calls to: ‘R_registerRoutines’, ‘R_useDynamicSymbols’
It is good practice to register native routines and to disable symbol
search.
See ‘Writing portable packages’ in the ‘Writing R Extensions’ manual.
Flavors: r-devel-linux-x86_64-fedora-clang, r-devel-linux-x86_64-fedora-gcc