Last updated on 2024-06-16 09:56:15 CEST.
Flavor | Version | Tinstall | Tcheck | Ttotal | Status | Flags |
---|---|---|---|---|---|---|
r-devel-linux-x86_64-debian-clang | 0.1.0 | 2.03 | 23.25 | 25.28 | OK | |
r-devel-linux-x86_64-debian-gcc | 0.1.0 | 1.76 | 18.19 | 19.95 | OK | |
r-devel-linux-x86_64-fedora-clang | 0.1.0 | 34.38 | NOTE | |||
r-devel-linux-x86_64-fedora-gcc | 0.1.0 | 30.32 | NOTE | |||
r-devel-windows-x86_64 | 0.1.0 | 3.00 | 36.00 | 39.00 | OK | |
r-patched-linux-x86_64 | 0.1.0 | 2.22 | 22.10 | 24.32 | OK | |
r-release-linux-x86_64 | 0.1.0 | 1.55 | 22.61 | 24.16 | OK | |
r-release-macos-arm64 | 0.1.0 | 14.00 | OK | |||
r-release-macos-x86_64 | 0.1.0 | 28.00 | OK | |||
r-release-windows-x86_64 | 0.1.0 | 3.00 | 37.00 | 40.00 | OK | |
r-oldrel-macos-arm64 | 0.1.0 | 17.00 | OK | |||
r-oldrel-macos-x86_64 | 0.1.0 | 32.00 | OK | |||
r-oldrel-windows-x86_64 | 0.1.0 | 7.00 | 34.00 | 41.00 | OK |
Version: 0.1.0
Check: data for non-ASCII characters
Result: NOTE
Note: found 182 marked UTF-8 strings
Flavors: r-devel-linux-x86_64-fedora-clang, r-devel-linux-x86_64-fedora-gcc