Last updated on 2024-06-16 09:56:13 CEST.
Flavor | Version | Tinstall | Tcheck | Ttotal | Status | Flags |
---|---|---|---|---|---|---|
r-devel-linux-x86_64-debian-clang | 0.0.1 | 2.66 | 34.82 | 37.48 | NOTE | |
r-devel-linux-x86_64-debian-gcc | 0.0.1 | 2.10 | 26.64 | 28.74 | NOTE | |
r-devel-linux-x86_64-fedora-clang | 0.0.1 | 51.12 | NOTE | |||
r-devel-linux-x86_64-fedora-gcc | 0.0.1 | 57.47 | NOTE | |||
r-devel-windows-x86_64 | 0.0.1 | 4.00 | 52.00 | 56.00 | NOTE | |
r-patched-linux-x86_64 | 0.0.1 | 3.40 | 32.63 | 36.03 | NOTE | |
r-release-linux-x86_64 | 0.0.1 | 2.30 | 32.87 | 35.17 | NOTE | |
r-release-macos-arm64 | 0.0.1 | 26.00 | NOTE | |||
r-release-macos-x86_64 | 0.0.1 | 61.00 | NOTE | |||
r-release-windows-x86_64 | 0.0.1 | 3.00 | 52.00 | 55.00 | NOTE | |
r-oldrel-macos-arm64 | 0.0.1 | 36.00 | OK | |||
r-oldrel-macos-x86_64 | 0.0.1 | 71.00 | OK | |||
r-oldrel-windows-x86_64 | 0.0.1 | 4.00 | 55.00 | 59.00 | OK |
Version: 0.0.1
Check: Rd files
Result: NOTE
checkRd: (-1) qpc.Rd:43: Lost braces
43 | S{Sulewski, P. (2020). \emph{Normal Distribution with Plasticizing Component,} Communications in Statistics ? Theory and Method 51(11), 3806-3835.}
| ^
Flavors: r-devel-linux-x86_64-debian-clang, r-devel-linux-x86_64-debian-gcc, r-devel-linux-x86_64-fedora-clang, r-devel-linux-x86_64-fedora-gcc, r-devel-windows-x86_64, r-patched-linux-x86_64, r-release-linux-x86_64, r-release-macos-arm64, r-release-macos-x86_64, r-release-windows-x86_64