Last updated on 2024-06-16 09:56:10 CEST.
Flavor | Version | Tinstall | Tcheck | Ttotal | Status | Flags |
---|---|---|---|---|---|---|
r-devel-linux-x86_64-debian-clang | 1.1.3 | 7.11 | 80.54 | 87.65 | OK | |
r-devel-linux-x86_64-debian-gcc | 1.1.3 | 6.91 | 59.00 | 65.91 | OK | |
r-devel-linux-x86_64-fedora-clang | 1.1.3 | 108.46 | NOTE | |||
r-devel-linux-x86_64-fedora-gcc | 1.1.3 | 115.59 | NOTE | |||
r-devel-windows-x86_64 | 1.1.3 | 7.00 | 75.00 | 82.00 | OK | |
r-patched-linux-x86_64 | 1.1.3 | 7.22 | 73.11 | 80.33 | OK | |
r-release-linux-x86_64 | 1.1.3 | 8.59 | 75.81 | 84.40 | OK | |
r-release-macos-arm64 | 1.1.3 | 39.00 | OK | |||
r-release-macos-x86_64 | 1.1.3 | 61.00 | OK | |||
r-release-windows-x86_64 | 1.1.3 | 8.00 | 77.00 | 85.00 | OK | |
r-oldrel-macos-arm64 | 1.1.3 | 43.00 | OK | |||
r-oldrel-macos-x86_64 | 1.1.3 | 63.00 | OK | |||
r-oldrel-windows-x86_64 | 1.1.3 | 10.00 | 93.00 | 103.00 | OK |
Version: 1.1.3
Check: data for non-ASCII characters
Result: NOTE
Note: found 6 marked UTF-8 strings
Flavors: r-devel-linux-x86_64-fedora-clang, r-devel-linux-x86_64-fedora-gcc