Last updated on 2024-06-16 09:56:09 CEST.
Flavor | Version | Tinstall | Tcheck | Ttotal | Status | Flags |
---|---|---|---|---|---|---|
r-devel-linux-x86_64-debian-clang | 3.4.0.4 | 46.55 | 717.61 | 764.16 | NOTE | |
r-devel-linux-x86_64-debian-gcc | 3.4.0.4 | 32.14 | 524.14 | 556.28 | NOTE | |
r-devel-linux-x86_64-fedora-clang | 3.4.0.4 | 931.96 | NOTE | |||
r-devel-linux-x86_64-fedora-gcc | 3.4.0.4 | 947.98 | NOTE | |||
r-devel-windows-x86_64 | 3.4.0.4 | 33.00 | 539.00 | 572.00 | NOTE | |
r-patched-linux-x86_64 | 3.4.0.4 | 46.39 | 682.18 | 728.57 | NOTE | |
r-release-linux-x86_64 | 3.4.0.4 | 33.84 | 693.29 | 727.13 | NOTE | |
r-release-macos-arm64 | 3.4.0.4 | 278.00 | NOTE | |||
r-release-macos-x86_64 | 3.4.0.4 | 411.00 | NOTE | |||
r-release-windows-x86_64 | 3.4.0.4 | 32.00 | 532.00 | 564.00 | NOTE | |
r-oldrel-macos-arm64 | 3.4.0.4 | 444.00 | OK | |||
r-oldrel-macos-x86_64 | 3.4.0.4 | 1060.00 | OK | |||
r-oldrel-windows-x86_64 | 3.4.0.4 | 45.00 | 659.00 | 704.00 | OK |
Version: 3.4.0.4
Check: Rd files
Result: NOTE
checkRd: (-1) model.importance.plot.Rd:139: Lost braces
139 | For binary CF models, if{importance.type = 2}, function uses AUC-based variables importances as described by Janitza et al. (2012). Here, the area under the curve instead of the accuracy is used to calculate the importance of each variable. This AUC-based variable importance measure is more robust towards class imbalance.
| ^
Flavors: r-devel-linux-x86_64-debian-clang, r-devel-linux-x86_64-debian-gcc, r-devel-linux-x86_64-fedora-clang, r-devel-linux-x86_64-fedora-gcc, r-devel-windows-x86_64, r-patched-linux-x86_64, r-release-linux-x86_64, r-release-macos-arm64, r-release-macos-x86_64, r-release-windows-x86_64