Last updated on 2024-06-10 09:49:07 CEST.
Flavor | Version | Tinstall | Tcheck | Ttotal | Status | Flags |
---|---|---|---|---|---|---|
r-devel-linux-x86_64-debian-clang | 1.0.4 | 35.53 | 382.33 | 417.86 | OK | |
r-devel-linux-x86_64-debian-gcc | 1.0.4 | 27.43 | 270.09 | 297.52 | OK | |
r-devel-linux-x86_64-fedora-clang | 1.0.4 | 498.47 | NOTE | |||
r-devel-linux-x86_64-fedora-gcc | 1.0.4 | 495.69 | NOTE | |||
r-devel-windows-x86_64 | 1.0.4 | 26.00 | 261.00 | 287.00 | OK | |
r-patched-linux-x86_64 | 1.0.4 | 26.82 | 361.19 | 388.01 | OK | |
r-release-linux-x86_64 | 1.0.4 | 20.90 | 362.09 | 382.99 | OK | |
r-release-macos-arm64 | 1.0.4 | 144.00 | OK | |||
r-release-macos-x86_64 | 1.0.4 | 226.00 | OK | |||
r-release-windows-x86_64 | 1.0.4 | 27.00 | 265.00 | 292.00 | OK | |
r-oldrel-macos-arm64 | 1.0.4 | 96.00 | OK | |||
r-oldrel-macos-x86_64 | 1.0.4 | 135.00 | OK | |||
r-oldrel-windows-x86_64 | 1.0.4 | 36.00 | 331.00 | 367.00 | OK |
Version: 1.0.4
Check: data for non-ASCII characters
Result: NOTE
Note: found 10 marked UTF-8 strings
Flavors: r-devel-linux-x86_64-fedora-clang, r-devel-linux-x86_64-fedora-gcc
Version: 1.0.4
Check: for detritus in the temp directory
Result: NOTE
Found the following files/directories:
‘Crashpad’
Flavor: r-devel-linux-x86_64-fedora-gcc