Last updated on 2024-06-16 09:56:06 CEST.
Flavor | Version | Tinstall | Tcheck | Ttotal | Status | Flags |
---|---|---|---|---|---|---|
r-devel-linux-x86_64-debian-clang | 2.1 | 8.19 | 77.97 | 86.16 | OK | |
r-devel-linux-x86_64-debian-gcc | 2.1 | 5.98 | 57.67 | 63.65 | OK | |
r-devel-linux-x86_64-fedora-clang | 2.1 | 105.97 | NOTE | |||
r-devel-linux-x86_64-fedora-gcc | 2.1 | 112.93 | NOTE | |||
r-devel-windows-x86_64 | 2.1 | 8.00 | 91.00 | 99.00 | OK | |
r-patched-linux-x86_64 | 2.1 | 6.27 | 75.51 | 81.78 | OK | |
r-release-linux-x86_64 | 2.1 | 8.27 | 75.46 | 83.73 | OK | |
r-release-macos-arm64 | 2.1 | 39.00 | OK | |||
r-release-macos-x86_64 | 2.1 | 61.00 | OK | |||
r-release-windows-x86_64 | 2.1 | 9.00 | 92.00 | 101.00 | OK | |
r-oldrel-macos-arm64 | 2.1 | 40.00 | OK | |||
r-oldrel-macos-x86_64 | 2.1 | 56.00 | OK | |||
r-oldrel-windows-x86_64 | 2.1 | 11.00 | 102.00 | 113.00 | OK |
Version: 2.1
Check: dependencies in R code
Result: NOTE
Namespace in Imports field not imported from: ‘kableExtra’
All declared Imports should be used.
Flavors: r-devel-linux-x86_64-fedora-clang, r-devel-linux-x86_64-fedora-gcc