Last updated on 2024-06-16 09:56:06 CEST.
Flavor | Version | Tinstall | Tcheck | Ttotal | Status | Flags |
---|---|---|---|---|---|---|
r-devel-linux-x86_64-debian-clang | 1.4 | 4.43 | 32.48 | 36.91 | NOTE | |
r-devel-linux-x86_64-debian-gcc | 1.4 | 3.02 | 25.39 | 28.41 | NOTE | |
r-devel-linux-x86_64-fedora-clang | 1.4 | 45.76 | NOTE | |||
r-devel-linux-x86_64-fedora-gcc | 1.4 | 42.47 | NOTE | |||
r-devel-windows-x86_64 | 1.4 | 4.00 | 44.00 | 48.00 | NOTE | |
r-patched-linux-x86_64 | 1.4 | 3.91 | 31.80 | 35.71 | NOTE | |
r-release-linux-x86_64 | 1.4 | 2.88 | 30.77 | 33.65 | NOTE | |
r-release-macos-arm64 | 1.4 | 18.00 | NOTE | |||
r-release-macos-x86_64 | 1.4 | 26.00 | NOTE | |||
r-release-windows-x86_64 | 1.4 | 5.00 | 45.00 | 50.00 | NOTE | |
r-oldrel-macos-arm64 | 1.4 | 20.00 | NOTE | |||
r-oldrel-macos-x86_64 | 1.4 | 26.00 | NOTE | |||
r-oldrel-windows-x86_64 | 1.4 | 5.00 | 48.00 | 53.00 | NOTE |
Version: 1.4
Check: LazyData
Result: NOTE
'LazyData' is specified without a 'data' directory
Flavors: r-devel-linux-x86_64-debian-clang, r-devel-linux-x86_64-debian-gcc, r-devel-linux-x86_64-fedora-clang, r-devel-linux-x86_64-fedora-gcc, r-devel-windows-x86_64, r-patched-linux-x86_64, r-release-linux-x86_64, r-release-macos-arm64, r-release-macos-x86_64, r-release-windows-x86_64, r-oldrel-macos-arm64, r-oldrel-macos-x86_64, r-oldrel-windows-x86_64