Last updated on 2024-06-16 09:56:04 CEST.
Flavor | Version | Tinstall | Tcheck | Ttotal | Status | Flags |
---|---|---|---|---|---|---|
r-devel-linux-x86_64-debian-clang | 1.2.6 | 5.57 | 60.46 | 66.03 | OK | |
r-devel-linux-x86_64-debian-gcc | 1.2.6 | 5.24 | 44.34 | 49.58 | OK | |
r-devel-linux-x86_64-fedora-clang | 1.2.6 | 81.94 | NOTE | |||
r-devel-linux-x86_64-fedora-gcc | 1.2.6 | 78.91 | OK | |||
r-devel-windows-x86_64 | 1.2.6 | 6.00 | 71.00 | 77.00 | OK | |
r-patched-linux-x86_64 | 1.2.6 | 7.77 | 57.43 | 65.20 | OK | |
r-release-linux-x86_64 | 1.2.6 | 6.72 | 58.00 | 64.72 | OK | |
r-release-macos-arm64 | 1.2.6 | 26.00 | OK | |||
r-release-macos-x86_64 | 1.2.6 | 47.00 | OK | |||
r-release-windows-x86_64 | 1.2.6 | 7.00 | 73.00 | 80.00 | OK | |
r-oldrel-macos-arm64 | 1.2.6 | 26.00 | OK | |||
r-oldrel-macos-x86_64 | 1.2.6 | 48.00 | OK | |||
r-oldrel-windows-x86_64 | 1.2.6 | 8.00 | 81.00 | 89.00 | OK |
Version: 1.2.6
Check: Rd cross-references
Result: NOTE
Undeclared package ‘Kendall’ in Rd xrefs
Flavor: r-devel-linux-x86_64-fedora-clang