Last updated on 2024-06-16 09:56:03 CEST.
Flavor | Version | Tinstall | Tcheck | Ttotal | Status | Flags |
---|---|---|---|---|---|---|
r-devel-linux-x86_64-debian-clang | 2.2.1 | 6.81 | 46.86 | 53.67 | OK | |
r-devel-linux-x86_64-debian-gcc | 2.2.1 | 4.47 | 35.21 | 39.68 | OK | |
r-devel-linux-x86_64-fedora-clang | 2.2.1 | 64.24 | NOTE | |||
r-devel-linux-x86_64-fedora-gcc | 2.2.1 | 59.41 | NOTE | |||
r-devel-windows-x86_64 | 2.2.1 | 6.00 | 52.00 | 58.00 | OK | |
r-patched-linux-x86_64 | 2.2.1 | 6.58 | 44.52 | 51.10 | OK | |
r-release-linux-x86_64 | 2.2.1 | 4.40 | 44.40 | 48.80 | OK | |
r-release-macos-arm64 | 2.2.1 | 22.00 | OK | |||
r-release-macos-x86_64 | 2.2.1 | 33.00 | OK | |||
r-release-windows-x86_64 | 2.2.1 | 6.00 | 1.00 | 7.00 | FAIL | |
r-oldrel-macos-arm64 | 2.2.1 | 24.00 | OK | |||
r-oldrel-macos-x86_64 | 2.2.1 | 37.00 | OK | |||
r-oldrel-windows-x86_64 | 2.2.1 | 7.00 | 59.00 | 66.00 | OK |
Version: 2.2.1
Check: dependencies in R code
Result: NOTE
Namespaces in Imports field not imported from:
‘base’ ‘data.table’
All declared Imports should be used.
Flavors: r-devel-linux-x86_64-fedora-clang, r-devel-linux-x86_64-fedora-gcc
Version: 2.2.1
Check: package dependencies
Result: FAIL
Flavor: r-release-windows-x86_64