Last updated on 2024-06-10 09:49:04 CEST.
Flavor | Version | Tinstall | Tcheck | Ttotal | Status | Flags |
---|---|---|---|---|---|---|
r-devel-linux-x86_64-debian-clang | 0.1.4 | 3.85 | 33.85 | 37.70 | NOTE | |
r-devel-linux-x86_64-debian-gcc | 0.1.4 | 2.80 | 25.40 | 28.20 | NOTE | |
r-devel-linux-x86_64-fedora-clang | 0.1.4 | 48.80 | NOTE | |||
r-devel-linux-x86_64-fedora-gcc | 0.1.4 | 45.18 | NOTE | |||
r-devel-windows-x86_64 | 0.1.4 | 4.00 | 53.00 | 57.00 | NOTE | |
r-patched-linux-x86_64 | 0.1.4 | 4.13 | 31.89 | 36.02 | NOTE | |
r-release-linux-x86_64 | 0.1.4 | 2.71 | 32.10 | 34.81 | NOTE | |
r-release-macos-arm64 | 0.1.4 | 17.00 | NOTE | |||
r-release-macos-x86_64 | 0.1.4 | 26.00 | NOTE | |||
r-release-windows-x86_64 | 0.1.4 | 4.00 | 55.00 | 59.00 | NOTE | |
r-oldrel-macos-arm64 | 0.1.4 | 22.00 | NOTE | |||
r-oldrel-macos-x86_64 | 0.1.4 | 25.00 | NOTE | |||
r-oldrel-windows-x86_64 | 0.1.4 | 5.00 | 56.00 | 61.00 | NOTE |
Version: 0.1.4
Check: package dependencies
Result: NOTE
Package suggested but not available for checking: ‘cec2013’
Flavors: r-devel-linux-x86_64-debian-clang, r-devel-linux-x86_64-debian-gcc, r-devel-linux-x86_64-fedora-clang, r-devel-linux-x86_64-fedora-gcc, r-devel-windows-x86_64, r-patched-linux-x86_64, r-release-linux-x86_64, r-release-macos-arm64, r-release-macos-x86_64, r-release-windows-x86_64, r-oldrel-macos-arm64, r-oldrel-macos-x86_64, r-oldrel-windows-x86_64