Last updated on 2024-06-16 09:56:03 CEST.
Flavor | Version | Tinstall | Tcheck | Ttotal | Status | Flags |
---|---|---|---|---|---|---|
r-devel-linux-x86_64-debian-clang | 1.5.2 | 15.05 | 300.05 | 315.10 | OK | |
r-devel-linux-x86_64-debian-gcc | 1.5.2 | 10.08 | 204.74 | 214.82 | OK | |
r-devel-linux-x86_64-fedora-clang | 1.5.2 | 369.77 | NOTE | |||
r-devel-linux-x86_64-fedora-gcc | 1.5.2 | 363.90 | OK | |||
r-devel-windows-x86_64 | 1.5.2 | 13.00 | 341.00 | 354.00 | OK | |
r-patched-linux-x86_64 | 1.5.2 | 14.37 | 275.26 | 289.63 | OK | |
r-release-linux-x86_64 | 1.5.2 | 11.15 | 281.00 | 292.15 | OK | |
r-release-macos-arm64 | 1.5.2 | 105.00 | OK | |||
r-release-macos-x86_64 | 1.5.2 | 321.00 | OK | |||
r-release-windows-x86_64 | 1.5.2 | 14.00 | 340.00 | 354.00 | OK | |
r-oldrel-macos-arm64 | 1.5.2 | 170.00 | OK | |||
r-oldrel-macos-x86_64 | 1.5.2 | 353.00 | OK | |||
r-oldrel-windows-x86_64 | 1.5.2 | 18.00 | 358.00 | 376.00 | OK |
Version: 1.5.2
Check: installed package size
Result: NOTE
installed size is 5.7Mb
sub-directories of 1Mb or more:
libs 4.8Mb
Flavor: r-devel-linux-x86_64-fedora-clang