Last updated on 2024-06-16 09:56:03 CEST.
Flavor | Version | Tinstall | Tcheck | Ttotal | Status | Flags |
---|---|---|---|---|---|---|
r-devel-linux-x86_64-debian-clang | 2.4-2 | 7.52 | 90.18 | 97.70 | OK | |
r-devel-linux-x86_64-debian-gcc | 2.4-2 | 4.82 | 66.76 | 71.58 | OK | |
r-devel-linux-x86_64-fedora-clang | 2.4-2 | 122.38 | NOTE | |||
r-devel-linux-x86_64-fedora-gcc | 2.4-2 | 130.17 | NOTE | |||
r-devel-windows-x86_64 | 2.4-2 | 8.00 | 136.00 | 144.00 | OK | |
r-patched-linux-x86_64 | 2.4-2 | 5.47 | 83.82 | 89.29 | OK | |
r-release-linux-x86_64 | 2.4-2 | 6.13 | 85.78 | 91.91 | OK | |
r-release-macos-arm64 | 2.4-2 | 40.00 | OK | |||
r-release-macos-x86_64 | 2.4-2 | 69.00 | OK | |||
r-release-windows-x86_64 | 2.4-2 | 7.00 | 24.00 | 31.00 | FAIL | |
r-oldrel-macos-arm64 | 2.4-2 | 43.00 | OK | |||
r-oldrel-macos-x86_64 | 2.4-2 | 61.00 | OK | |||
r-oldrel-windows-x86_64 | 2.4-2 | 8.00 | 129.00 | 137.00 | OK |
Version: 2.4-2
Check: dependencies in R code
Result: NOTE
Namespace in Imports field not imported from: ‘tibble’
All declared Imports should be used.
Flavors: r-devel-linux-x86_64-fedora-clang, r-devel-linux-x86_64-fedora-gcc
Version: 2.4-2
Check: R code for possible problems
Result: FAIL
Flavor: r-release-windows-x86_64