Last updated on 2024-06-10 09:49:04 CEST.
Flavor | Version | Tinstall | Tcheck | Ttotal | Status | Flags |
---|---|---|---|---|---|---|
r-devel-linux-x86_64-debian-clang | 0.2.2 | 83.49 | 59.81 | 143.30 | NOTE | |
r-devel-linux-x86_64-debian-gcc | 0.2.2 | 60.72 | 45.97 | 106.69 | NOTE | |
r-devel-linux-x86_64-fedora-clang | 0.2.2 | 232.58 | NOTE | |||
r-devel-linux-x86_64-fedora-gcc | 0.2.2 | 245.85 | NOTE | |||
r-devel-windows-x86_64 | 0.2.2 | 74.00 | 110.00 | 184.00 | NOTE | |
r-patched-linux-x86_64 | 0.2.2 | 73.91 | 59.40 | 133.31 | NOTE | |
r-release-linux-x86_64 | 0.2.2 | 75.40 | 60.27 | 135.67 | NOTE | |
r-release-macos-arm64 | 0.2.2 | 51.00 | NOTE | |||
r-release-macos-x86_64 | 0.2.2 | 66.00 | WARN | |||
r-release-windows-x86_64 | 0.2.2 | 74.00 | 108.00 | 182.00 | NOTE | |
r-oldrel-macos-arm64 | 0.2.2 | 65.00 | NOTE | |||
r-oldrel-macos-x86_64 | 0.2.2 | 102.00 | NOTE | |||
r-oldrel-windows-x86_64 | 0.2.2 | 88.00 | 125.00 | 213.00 | NOTE |
Version: 0.2.2
Check: C++ specification
Result: NOTE
Specified C++11: please drop specification unless essential
Flavors: r-devel-linux-x86_64-debian-clang, r-devel-linux-x86_64-debian-gcc, r-devel-linux-x86_64-fedora-clang, r-devel-linux-x86_64-fedora-gcc, r-devel-windows-x86_64, r-patched-linux-x86_64, r-release-linux-x86_64, r-release-macos-arm64, r-release-macos-x86_64, r-release-windows-x86_64, r-oldrel-macos-arm64, r-oldrel-macos-x86_64, r-oldrel-windows-x86_64
Version: 0.2.2
Check: LazyData
Result: NOTE
'LazyData' is specified without a 'data' directory
Flavors: r-devel-linux-x86_64-debian-clang, r-devel-linux-x86_64-debian-gcc, r-devel-linux-x86_64-fedora-clang, r-devel-linux-x86_64-fedora-gcc, r-devel-windows-x86_64, r-patched-linux-x86_64, r-release-linux-x86_64, r-release-macos-arm64, r-release-macos-x86_64, r-release-windows-x86_64, r-oldrel-macos-arm64, r-oldrel-macos-x86_64, r-oldrel-windows-x86_64
Version: 0.2.2
Check: re-building of vignette outputs
Result: WARN
Error(s) in re-building vignettes:
...
--- re-building ‘Distance-to-default.Rnw’ using knitr
Error: processing vignette 'Distance-to-default.Rnw' failed with diagnostics:
Running 'texi2dvi' on 'Distance-to-default.tex' failed.
LaTeX errors:
! Undefined control sequence.
l.111 \hlkwd{library}\hldef
{(DtD)}
?
! Emergency stop.
! Emergency stop.
l.111
End of file on the terminal!
! ==> Fatal error occurred, no output PDF file produced!
--- failed re-building ‘Distance-to-default.Rnw’
SUMMARY: processing the following file failed:
‘Distance-to-default.Rnw’
Error: Vignette re-building failed.
Execution halted
Flavor: r-release-macos-x86_64
Version: 0.2.2
Check: dependencies in R code
Result: NOTE
Error: unable to load shared object 'D:/RCompile/CRANpkg/lib/4.4/DtD/libs/x64/DtD.dll':
LoadLibrary failure: Die Auslagerungsdatei ist zu klein, um diesen Vorgang durchzuführen.
Call sequence:
4: inDL(x, as.logical(local), as.logical(now), ...)
3: dyn.load(file, DLLpath = DLLpath, ...)
2: library.dynam(lib, package, package.lib)
1: loadNamespace(package, lib.loc)
Execution halted
Flavor: r-release-windows-x86_64