Last updated on 2024-06-16 09:56:02 CEST.
Flavor | Version | Tinstall | Tcheck | Ttotal | Status | Flags |
---|---|---|---|---|---|---|
r-devel-linux-x86_64-debian-clang | 1.0.2 | 23.34 | 216.90 | 240.24 | OK | |
r-devel-linux-x86_64-debian-gcc | 1.0.2 | 16.67 | 161.60 | 178.27 | OK | |
r-devel-linux-x86_64-fedora-clang | 1.0.2 | 318.71 | OK | |||
r-devel-linux-x86_64-fedora-gcc | 1.0.2 | 309.60 | OK | |||
r-devel-windows-x86_64 | 1.0.2 | 20.00 | 154.00 | 174.00 | OK | |
r-patched-linux-x86_64 | 1.0.2 | 25.45 | 204.54 | 229.99 | OK | |
r-release-linux-x86_64 | 1.0.2 | 22.36 | 205.91 | 228.27 | OK | |
r-release-macos-arm64 | 1.0.2 | 83.00 | OK | |||
r-release-macos-x86_64 | 1.0.2 | 129.00 | OK | |||
r-release-windows-x86_64 | 1.0.2 | 21.00 | 206.00 | 227.00 | WARN | |
r-oldrel-macos-arm64 | 1.0.2 | 85.00 | OK | |||
r-oldrel-macos-x86_64 | 1.0.2 | 126.00 | OK | |||
r-oldrel-windows-x86_64 | 1.0.2 | 30.00 | 204.00 | 234.00 | OK |
Version: 1.0.2
Check: whether the namespace can be unloaded cleanly
Result: WARN
Error in inDL(x, as.logical(local), as.logical(now), ...) :
unable to load shared object 'D:/RCompile/CRANpkg/lib/4.4/Biostrings/libs/x64/Biostrings.dll':
LoadLibrary failure: Die Auslagerungsdatei ist zu klein, um diesen Vorgang durchzuführen.
Calls: suppressMessages ... asNamespace -> loadNamespace -> library.dynam -> dyn.load -> inDL
Execution halted
Flavor: r-release-windows-x86_64