Last updated on 2024-06-16 09:56:02 CEST.
Flavor | Version | Tinstall | Tcheck | Ttotal | Status | Flags |
---|---|---|---|---|---|---|
r-devel-linux-x86_64-debian-clang | 0.0.5 | 47.39 | 29.69 | 77.08 | OK | |
r-devel-linux-x86_64-debian-gcc | 0.0.5 | 37.08 | 25.96 | 63.04 | OK | |
r-devel-linux-x86_64-fedora-clang | 0.0.5 | 98.90 | OK | |||
r-devel-linux-x86_64-fedora-gcc | 0.0.5 | 120.07 | OK | |||
r-devel-windows-x86_64 | 0.0.5 | 36.00 | 53.00 | 89.00 | OK | |
r-patched-linux-x86_64 | 0.0.5 | 51.55 | 32.97 | 84.52 | OK | |
r-release-linux-x86_64 | 0.0.5 | 49.03 | 31.97 | 81.00 | OK | |
r-release-macos-arm64 | 0.0.5 | 32.00 | NOTE | |||
r-release-macos-x86_64 | 0.0.5 | 74.00 | NOTE | |||
r-release-windows-x86_64 | 0.0.5 | 37.00 | 52.00 | 89.00 | OK | |
r-oldrel-macos-arm64 | 0.0.5 | 36.00 | NOTE | |||
r-oldrel-macos-x86_64 | 0.0.5 | 46.00 | NOTE | |||
r-oldrel-windows-x86_64 | 0.0.5 | 44.00 | 75.00 | 119.00 | OK |
Version: 0.0.5
Check: installed package size
Result: NOTE
installed size is 17.9Mb
sub-directories of 1Mb or more:
libs 17.8Mb
Flavors: r-release-macos-arm64, r-release-macos-x86_64, r-oldrel-macos-arm64, r-oldrel-macos-x86_64