Last updated on 2024-06-16 09:56:02 CEST.
Flavor | Version | Tinstall | Tcheck | Ttotal | Status | Flags |
---|---|---|---|---|---|---|
r-devel-linux-x86_64-debian-clang | 1.0.6 | 12.14 | 155.00 | 167.14 | OK | |
r-devel-linux-x86_64-debian-gcc | 1.0.6 | 10.73 | 114.78 | 125.51 | OK | |
r-devel-linux-x86_64-fedora-clang | 1.0.6 | 217.14 | OK | |||
r-devel-linux-x86_64-fedora-gcc | 1.0.6 | 208.06 | OK | |||
r-devel-windows-x86_64 | 1.0.6 | 13.00 | 150.00 | 163.00 | OK | |
r-patched-linux-x86_64 | 1.0.6 | 22.98 | 147.20 | 170.18 | OK | |
r-release-linux-x86_64 | 1.0.6 | 13.94 | 147.90 | 161.84 | OK | |
r-release-macos-arm64 | 1.0.6 | 66.00 | OK | |||
r-release-macos-x86_64 | 1.0.6 | 116.00 | OK | |||
r-release-windows-x86_64 | 1.0.6 | 14.00 | 135.00 | 149.00 | FAIL | |
r-oldrel-macos-arm64 | 1.0.6 | 67.00 | OK | |||
r-oldrel-macos-x86_64 | 1.0.6 | 130.00 | NOTE | |||
r-oldrel-windows-x86_64 | 1.0.6 | 16.00 | 168.00 | 184.00 | OK |
Version: 1.0.6
Check: whether the package can be loaded with stated dependencies
Result: WARN
Error: package or namespace load failed for 'DecomposeR' in inDL(x, as.logical(local), as.logical(now), ...):
unable to load shared object 'D:/RCompile/CRANpkg/lib/4.4/vctrs/libs/x64/vctrs.dll':
LoadLibrary failure: Die Auslagerungsdatei ist zu klein, um diesen Vorgang durchzuführen.
Execution halted
It looks like this package (or one of its dependent packages) has an
unstated dependence on a standard package. All dependencies must be
declared in DESCRIPTION.
See section 'The DESCRIPTION file' in the 'Writing R Extensions'
manual.
Flavor: r-release-windows-x86_64
Version: 1.0.6
Check: whether the package can be unloaded cleanly
Result: WARN
Flavor: r-release-windows-x86_64
Version: 1.0.6
Check: whether the namespace can be loaded with stated dependencies
Result: WARN
A namespace must be able to be loaded with just the base namespace
loaded: otherwise if the namespace gets loaded by a saved object, the
session will be unable to start.
Probably some imports need to be declared in the NAMESPACE file.
Flavor: r-release-windows-x86_64
Version: 1.0.6
Check: whether the namespace can be unloaded cleanly
Result: WARN
Flavor: r-release-windows-x86_64
Version: 1.0.6
Check: loading without being on the library search path
Result: WARN
Error: memory exhausted
Execution halted
It looks like this package has a loading problem when not on .libPaths:
see the messages for details.
Flavor: r-release-windows-x86_64
Version: 1.0.6
Check: replacement functions
Result: WARN
Error: unable to load shared object 'D:/RCompile/CRANpkg/lib/4.4/httpuv/libs/x64/httpuv.dll':
LoadLibrary failure: Die Auslagerungsdatei ist zu klein, um diesen Vorgang durchzuführen.
Call sequence:
11: inDL(x, as.logical(local), as.logical(now), ...)
10: dyn.load(file, DLLpath = DLLpath, ...)
9: library.dynam(lib, package, package.lib)
8: loadNamespace(i, c(lib.loc, .libPaths()), versionCheck = vI[[i]])
7: namespaceImport(ns, loadNamespace(i, c(lib.loc, .libPaths()),
versionCheck = vI[[i]]), from = package)
6: loadNamespace(i, c(lib.loc, .libPaths()), versionCheck = vI[[i]])
5: namespaceImport(ns, loadNamespace(i, c(lib.loc, .libPaths()),
versionCheck = vI[[i]]), from = package)
4: loadNamespace(j <- i[[1L]], c(lib.loc, .libPaths()), versionCheck = vI[[j]])
3: asNamespace(ns)
2: namespaceImportFrom(ns, loadNamespace(j <- i[[1L]], c(lib.loc,
.libPaths()), versionCheck = vI[[j]]), i[[2L]], from = package)
1: loadNamespace(package, lib.loc)
Execution halted
The argument of a replacement function which corresponds to the right
hand side must be named 'value'.
Flavor: r-release-windows-x86_64
Version: 1.0.6
Check: R code for possible problems
Result: ERROR
Incorrect (un)loading of package shared object.
Error: memory exhausted
Execution halted
The system-specific extension for shared objects must not be added.
See ?library.dynam.
[13s] OK
Flavor: r-release-windows-x86_64
Version: 1.0.6
Check: HTML version of manual
Result: FAIL
Flavor: r-release-windows-x86_64
Version: 1.0.6
Check: package dependencies
Result: NOTE
Packages suggested but not available for checking: 'EMD', 'astrochron'
Flavor: r-oldrel-macos-x86_64