Last updated on 2024-06-16 09:56:00 CEST.
Flavor | Version | Tinstall | Tcheck | Ttotal | Status | Flags |
---|---|---|---|---|---|---|
r-devel-linux-x86_64-debian-clang | 2.0.3 | 125.51 | 88.97 | 214.48 | NOTE | |
r-devel-linux-x86_64-debian-gcc | 2.0.3 | 92.95 | 64.20 | 157.15 | NOTE | |
r-devel-linux-x86_64-fedora-clang | 2.0.3 | 287.76 | NOTE | |||
r-devel-linux-x86_64-fedora-gcc | 2.0.3 | 314.28 | NOTE | |||
r-devel-windows-x86_64 | 2.0.3 | 99.00 | 106.00 | 205.00 | NOTE | |
r-patched-linux-x86_64 | 2.0.3 | 114.20 | 83.07 | 197.27 | NOTE | |
r-release-linux-x86_64 | 2.0.3 | 112.84 | 82.21 | 195.05 | NOTE | |
r-release-macos-arm64 | 2.0.3 | 64.00 | NOTE | |||
r-release-macos-x86_64 | 2.0.3 | 72.00 | NOTE | |||
r-release-windows-x86_64 | 2.0.3 | 97.00 | 106.00 | 203.00 | NOTE | |
r-oldrel-macos-arm64 | 2.0.3 | 77.00 | NOTE | |||
r-oldrel-macos-x86_64 | 2.0.3 | 107.00 | NOTE | |||
r-oldrel-windows-x86_64 | 2.0.3 | 123.00 | 122.00 | 245.00 | NOTE |
Version: 2.0.3
Check: LazyData
Result: NOTE
'LazyData' is specified without a 'data' directory
Flavors: r-devel-linux-x86_64-debian-clang, r-devel-linux-x86_64-debian-gcc, r-devel-linux-x86_64-fedora-clang, r-devel-linux-x86_64-fedora-gcc, r-devel-windows-x86_64, r-patched-linux-x86_64, r-release-linux-x86_64, r-release-macos-arm64, r-release-macos-x86_64, r-release-windows-x86_64, r-oldrel-macos-arm64, r-oldrel-macos-x86_64, r-oldrel-windows-x86_64
Version: 2.0.3
Check: installed package size
Result: NOTE
installed size is 9.9Mb
sub-directories of 1Mb or more:
libs 9.6Mb
Flavors: r-release-macos-arm64, r-release-macos-x86_64, r-oldrel-macos-arm64, r-oldrel-macos-x86_64