Last updated on 2024-06-10 09:49:03 CEST.
Flavor | Version | Tinstall | Tcheck | Ttotal | Status | Flags |
---|---|---|---|---|---|---|
r-devel-linux-x86_64-debian-clang | 0.0.1 | 2.12 | 20.81 | 22.93 | NOTE | |
r-devel-linux-x86_64-debian-gcc | 0.0.1 | 1.70 | 16.16 | 17.86 | NOTE | |
r-devel-linux-x86_64-fedora-clang | 0.0.1 | 28.95 | NOTE | |||
r-devel-linux-x86_64-fedora-gcc | 0.0.1 | 27.40 | NOTE | |||
r-devel-windows-x86_64 | 0.0.1 | 3.00 | 35.00 | 38.00 | NOTE | |
r-patched-linux-x86_64 | 0.0.1 | 2.15 | 19.67 | 21.82 | NOTE | |
r-release-linux-x86_64 | 0.0.1 | 2.06 | 19.99 | 22.05 | NOTE | |
r-release-macos-arm64 | 0.0.1 | 14.00 | NOTE | |||
r-release-macos-x86_64 | 0.0.1 | 20.00 | NOTE | |||
r-release-windows-x86_64 | 0.0.1 | 3.00 | 42.00 | 45.00 | NOTE | |
r-oldrel-macos-arm64 | 0.0.1 | 17.00 | NOTE | |||
r-oldrel-macos-x86_64 | 0.0.1 | 20.00 | NOTE | |||
r-oldrel-windows-x86_64 | 0.0.1 | 6.00 | 34.00 | 40.00 | NOTE |
Version: 0.0.1
Check: LazyData
Result: NOTE
'LazyData' is specified without a 'data' directory
Flavors: r-devel-linux-x86_64-debian-clang, r-devel-linux-x86_64-debian-gcc, r-devel-linux-x86_64-fedora-clang, r-devel-linux-x86_64-fedora-gcc, r-devel-windows-x86_64, r-patched-linux-x86_64, r-release-linux-x86_64, r-release-macos-arm64, r-release-macos-x86_64, r-release-windows-x86_64, r-oldrel-macos-arm64, r-oldrel-macos-x86_64, r-oldrel-windows-x86_64