Last updated on 2024-06-10 09:49:02 CEST.
Flavor | Version | Tinstall | Tcheck | Ttotal | Status | Flags |
---|---|---|---|---|---|---|
r-devel-linux-x86_64-debian-clang | 1.14.1 | 5.39 | 61.52 | 66.91 | OK | |
r-devel-linux-x86_64-debian-gcc | 1.14.1 | 5.70 | 46.88 | 52.58 | OK | |
r-devel-linux-x86_64-fedora-clang | 1.14.1 | 86.74 | OK | |||
r-devel-linux-x86_64-fedora-gcc | 1.14.1 | 80.84 | OK | |||
r-devel-windows-x86_64 | 1.14.1 | 8.00 | 63.00 | 71.00 | OK | |
r-patched-linux-x86_64 | 1.14.1 | 6.49 | 59.92 | 66.41 | OK | |
r-release-linux-x86_64 | 1.14.1 | 4.39 | 59.78 | 64.17 | OK | |
r-release-macos-arm64 | 1.14.1 | 37.00 | OK | |||
r-release-macos-x86_64 | 1.14.1 | 48.00 | OK | |||
r-release-windows-x86_64 | 1.14.1 | 8.00 | 19.00 | 27.00 | FAIL | |
r-oldrel-macos-arm64 | 1.14.1 | 34.00 | OK | |||
r-oldrel-macos-x86_64 | 1.14.1 | 50.00 | OK | |||
r-oldrel-windows-x86_64 | 1.14.1 | 9.00 | 73.00 | 82.00 | OK |
Version: 1.14.1
Check: whether the namespace can be loaded with stated dependencies
Result: WARN
A namespace must be able to be loaded with just the base namespace
loaded: otherwise if the namespace gets loaded by a saved object, the
session will be unable to start.
Probably some imports need to be declared in the NAMESPACE file.
Flavor: r-release-windows-x86_64
Version: 1.14.1
Check: dependencies in R code
Result: FAIL
Flavor: r-release-windows-x86_64