CRAN Package Check Results for Package zoolog

Last updated on 2021-07-27 09:53:45 CEST.

Flavor Version Tinstall Tcheck Ttotal Status Flags
r-devel-linux-x86_64-debian-clang 0.3.1 3.10 58.14 61.24 OK
r-devel-linux-x86_64-debian-gcc 0.3.1 2.27 43.78 46.05 OK
r-devel-linux-x86_64-fedora-clang 0.3.1 82.55 NOTE
r-devel-linux-x86_64-fedora-gcc 0.3.1 72.08 NOTE
r-devel-windows-x86_64 0.3.1 5.00 84.00 89.00 OK
r-devel-windows-x86_64-gcc10-UCRT 0.3.1 NOTE
r-patched-linux-x86_64 0.3.1 3.46 54.60 58.06 OK
r-patched-solaris-x86 0.3.1 104.30 NOTE
r-release-linux-x86_64 0.3.1 3.03 55.01 58.04 OK
r-release-macos-arm64 0.3.1 WARN
r-release-macos-x86_64 0.3.1 NOTE
r-release-windows-ix86+x86_64 0.3.1 7.00 73.00 80.00 OK
r-oldrel-macos-x86_64 0.3.1 NOTE
r-oldrel-windows-ix86+x86_64 0.3.1 6.00 90.00 96.00 OK

Check Details

Version: 0.3.1
Check: dependencies in R code
Result: NOTE
    Namespace in Imports field not imported from: ‘Rdpack’
     All declared Imports should be used.
Flavors: r-devel-linux-x86_64-fedora-clang, r-devel-linux-x86_64-fedora-gcc, r-devel-windows-x86_64-gcc10-UCRT, r-patched-solaris-x86, r-release-macos-arm64, r-release-macos-x86_64, r-oldrel-macos-x86_64

Version: 0.3.1
Check: re-building of vignette outputs
Result: WARN
    Error(s) in re-building vignettes:
     ...
    --- re-building ‘index.Rmd’ using rmarkdown
    Warning in engine$weave(file, quiet = quiet, encoding = enc) :
     Pandoc (>= 1.12.3) not available. Falling back to R Markdown v1.
    Quitting from lines 350-357 (index.Rmd)
    Error: processing vignette 'index.Rmd' failed with diagnostics:
    polygon edge not found
    --- failed re-building ‘index.Rmd’
    
    SUMMARY: processing the following file failed:
     ‘index.Rmd’
    
    Error: Vignette re-building failed.
    Execution halted
Flavor: r-release-macos-arm64