Last updated on 2025-11-26 10:50:02 CET.
| Flavor | Version | Tinstall | Tcheck | Ttotal | Status | Flags |
|---|---|---|---|---|---|---|
| r-devel-linux-x86_64-debian-clang | 0.1.0 | 4.39 | 56.21 | 60.60 | ERROR | |
| r-devel-linux-x86_64-debian-gcc | 0.1.0 | 3.33 | 41.55 | 44.88 | ERROR | |
| r-devel-linux-x86_64-fedora-clang | 0.1.0 | 11.00 | 84.21 | 95.21 | ERROR | |
| r-devel-linux-x86_64-fedora-gcc | 0.1.0 | 11.00 | 99.21 | 110.21 | ERROR | |
| r-devel-windows-x86_64 | 0.1.0 | 7.00 | 97.00 | 104.00 | OK | |
| r-patched-linux-x86_64 | 0.1.0 | 4.34 | 73.50 | 77.84 | OK | |
| r-release-linux-x86_64 | 0.1.0 | 3.94 | 73.10 | 77.04 | OK | |
| r-release-macos-arm64 | 0.1.0 | OK | ||||
| r-release-macos-x86_64 | 0.1.0 | 4.00 | 120.00 | 124.00 | OK | |
| r-release-windows-x86_64 | 0.1.0 | 6.00 | 108.00 | 114.00 | OK | |
| r-oldrel-macos-arm64 | 0.1.0 | NOTE | ||||
| r-oldrel-macos-x86_64 | 0.1.0 | 5.00 | 131.00 | 136.00 | NOTE | |
| r-oldrel-windows-x86_64 | 0.1.0 | 8.00 | 116.00 | 124.00 | NOTE |
Version: 0.1.0
Check: re-building of vignette outputs
Result: ERROR
Error(s) in re-building vignettes:
...
--- re-building ‘demo_dutch_cities.Rmd’ using rmarkdown
[WARNING] Deprecated: --highlight-style. Use --syntax-highlighting instead.
--- finished re-building ‘demo_dutch_cities.Rmd’
--- re-building ‘hackathon.Rmd’ using rmarkdown
[WARNING] Deprecated: --highlight-style. Use --syntax-highlighting instead.
--- finished re-building ‘hackathon.Rmd’
--- re-building ‘paper.Rmd’ using rmarkdown
Quitting from paper.Rmd:58-72 [unnamed-chunk-1]
~~~~~~~~~~~~~~~~~~~~~~~~~~~~~~~~~~~~~~~~~~~~~~~~~~~~~~~~~~~~~~~~~~~~~~~~~~~~~~~~
<error/rlang_error>
Error in `library()`:
! there is no package called 'tmap'
---
Backtrace:
▆
1. └─base::library(tmap)
~~~~~~~~~~~~~~~~~~~~~~~~~~~~~~~~~~~~~~~~~~~~~~~~~~~~~~~~~~~~~~~~~~~~~~~~~~~~~~~~
Error: processing vignette 'paper.Rmd' failed with diagnostics:
there is no package called 'tmap'
--- failed re-building ‘paper.Rmd’
SUMMARY: processing the following file failed:
‘paper.Rmd’
Error: Vignette re-building failed.
Execution halted
Flavors: r-devel-linux-x86_64-debian-clang, r-devel-linux-x86_64-debian-gcc
Version: 0.1.0
Check: re-building of vignette outputs
Result: ERROR
Error(s) in re-building vignettes:
--- re-building ‘demo_dutch_cities.Rmd’ using rmarkdown
[WARNING] Deprecated: --highlight-style. Use --syntax-highlighting instead.
--- finished re-building ‘demo_dutch_cities.Rmd’
--- re-building ‘hackathon.Rmd’ using rmarkdown
[WARNING] Deprecated: --highlight-style. Use --syntax-highlighting instead.
--- finished re-building ‘hackathon.Rmd’
--- re-building ‘paper.Rmd’ using rmarkdown
Quitting from paper.Rmd:58-72 [unnamed-chunk-1]
~~~~~~~~~~~~~~~~~~~~~~~~~~~~~~~~~~~~~~~~~~~~~~~~~~~~~~~~~~~~~~~~~~~~~~~~~~~~~~~~
<error/rlang_error>
Error in `library()`:
! there is no package called 'tmap'
---
Backtrace:
▆
1. └─base::library(tmap)
~~~~~~~~~~~~~~~~~~~~~~~~~~~~~~~~~~~~~~~~~~~~~~~~~~~~~~~~~~~~~~~~~~~~~~~~~~~~~~~~
Error: processing vignette 'paper.Rmd' failed with diagnostics:
there is no package called 'tmap'
--- failed re-building ‘paper.Rmd’
SUMMARY: processing the following file failed:
‘paper.Rmd’
Error: Vignette re-building failed.
Execution halted
Flavors: r-devel-linux-x86_64-fedora-clang, r-devel-linux-x86_64-fedora-gcc
Version: 0.1.0
Check: installed package size
Result: NOTE
installed size is 6.0Mb
sub-directories of 1Mb or more:
doc 5.2Mb
Flavors: r-oldrel-macos-arm64, r-oldrel-macos-x86_64, r-oldrel-windows-x86_64