CRAN Package Check Results for Package yaml

Last updated on 2021-09-19 09:50:51 CEST.

Flavor Version Tinstall Tcheck Ttotal Status Flags
r-devel-linux-x86_64-debian-clang 2.2.1 9.41 23.53 32.94 OK
r-devel-linux-x86_64-debian-gcc 2.2.1 6.59 18.70 25.29 OK
r-devel-linux-x86_64-fedora-clang 2.2.1 51.33 OK
r-devel-linux-x86_64-fedora-gcc 2.2.1 40.60 OK
r-devel-windows-x86_64 2.2.1 17.00 47.00 64.00 OK
r-devel-windows-x86_64-gcc10-UCRT 2.2.1 ERROR
r-patched-linux-x86_64 2.2.1 9.17 23.07 32.24 OK
r-patched-solaris-x86 2.2.1 61.90 OK
r-release-linux-x86_64 2.2.1 7.05 22.89 29.94 OK
r-release-macos-arm64 2.2.1 OK
r-release-macos-x86_64 2.2.1 OK
r-release-windows-ix86+x86_64 2.2.1 32.00 39.00 71.00 OK
r-oldrel-macos-x86_64 2.2.1 OK
r-oldrel-windows-ix86+x86_64 2.2.1 28.00 44.00 72.00 OK

Check Details

Version: 2.2.1
Check: whether package can be installed
Result: ERROR
    Installation failed.
Flavor: r-devel-windows-x86_64-gcc10-UCRT