Last updated on 2024-03-18 09:49:39 CET.
Flavor | Version | Tinstall | Tcheck | Ttotal | Status | Flags |
---|---|---|---|---|---|---|
r-devel-linux-x86_64-debian-clang | 2.1.2 | 11.50 | 86.54 | 98.04 | NOTE | |
r-devel-linux-x86_64-debian-gcc | 2.1.2 | 9.73 | 65.55 | 75.28 | NOTE | |
r-devel-linux-x86_64-fedora-clang | 2.1.2 | 125.19 | NOTE | |||
r-devel-linux-x86_64-fedora-gcc | 2.1.2 | 115.50 | NOTE | |||
r-devel-windows-x86_64 | 2.1.2 | 12.00 | 78.00 | 90.00 | NOTE | |
r-patched-linux-x86_64 | 2.1.2 | 12.12 | 81.19 | 93.31 | OK | |
r-release-linux-x86_64 | 2.1.2 | 9.91 | 86.74 | 96.65 | OK | |
r-release-macos-arm64 | 2.1.2 | 35.00 | OK | |||
r-release-macos-x86_64 | 2.1.2 | 58.00 | OK | |||
r-release-windows-x86_64 | 2.1.2 | 13.00 | 93.00 | 106.00 | OK | |
r-oldrel-macos-arm64 | 2.1.2 | 32.00 | OK | |||
r-oldrel-windows-x86_64 | 2.1.2 | 15.00 | 94.00 | 109.00 | OK |
Version: 2.1.2
Check: Rd files
Result: NOTE
checkRd: (-1) cat_sim.Rd:110: Lost braces; missing escapes or markup?
110 | \code{min} and {max} are mandatory for setting limits on the test length. User-defined
| ^
Flavors: r-devel-linux-x86_64-debian-clang, r-devel-linux-x86_64-debian-gcc, r-devel-linux-x86_64-fedora-clang, r-devel-linux-x86_64-fedora-gcc, r-devel-windows-x86_64