CRAN Package Check Results for Package xmlrpc2

Last updated on 2021-09-21 09:53:15 CEST.

Flavor Version Tinstall Tcheck Ttotal Status Flags
r-devel-linux-x86_64-debian-clang 1.1 2.22 24.34 26.56 OK
r-devel-linux-x86_64-debian-gcc 1.1 1.64 19.43 21.07 OK
r-devel-linux-x86_64-fedora-clang 1.1 41.54 OK
r-devel-linux-x86_64-fedora-gcc 1.1 30.66 OK
r-devel-windows-x86_64 1.1 4.00 32.00 36.00 OK
r-devel-windows-x86_64-gcc10-UCRT 1.1 ERROR
r-patched-linux-x86_64 1.1 2.17 23.73 25.90 OK
r-patched-solaris-x86 1.1 52.40 OK
r-release-linux-x86_64 1.1 2.20 24.05 26.25 OK
r-release-macos-arm64 1.1 OK
r-release-macos-x86_64 1.1 OK
r-release-windows-ix86+x86_64 1.1 6.00 31.00 37.00 OK
r-oldrel-macos-x86_64 1.1 OK
r-oldrel-windows-ix86+x86_64 1.1 7.00 31.00 38.00 OK

Check Details

Version: 1.1
Check: whether package can be installed
Result: WARN
    Found the following significant warnings:
     WARNING: installation-time patches will not be applied, could not get the patches index
Flavor: r-devel-windows-x86_64-gcc10-UCRT

Version: 1.1
Check: PDF version of manual
Result: WARN
    LaTeX errors when creating PDF version.
    This typically indicates Rd problems.
Flavor: r-devel-windows-x86_64-gcc10-UCRT

Version: 1.1
Check: PDF version of manual without hyperrefs or index
Result: ERROR
    Re-running with no redirection of stdout/stderr.
Flavor: r-devel-windows-x86_64-gcc10-UCRT