CRAN Package Check Results for Package xmlparsedata

Last updated on 2021-10-22 09:53:24 CEST.

Flavor Version Tinstall Tcheck Ttotal Status Flags
r-devel-linux-x86_64-debian-clang 1.0.5 1.88 20.59 22.47 NOTE
r-devel-linux-x86_64-debian-gcc 1.0.5 1.39 16.49 17.88 NOTE
r-devel-linux-x86_64-fedora-clang 1.0.5 40.56 NOTE
r-devel-linux-x86_64-fedora-gcc 1.0.5 27.64 NOTE
r-devel-windows-x86_64 1.0.5 4.00 32.00 36.00 NOTE
r-devel-windows-x86_64-gcc10-UCRT 1.0.5 NOTE
r-patched-linux-x86_64 1.0.5 1.78 20.41 22.19 NOTE
r-patched-solaris-x86 1.0.5 46.90 NOTE
r-release-linux-x86_64 1.0.5 1.57 20.41 21.98 NOTE
r-release-macos-arm64 1.0.5 NOTE
r-release-macos-x86_64 1.0.5 NOTE
r-release-windows-ix86+x86_64 1.0.5 5.00 40.00 45.00 NOTE
r-oldrel-macos-x86_64 1.0.5 OK
r-oldrel-windows-ix86+x86_64 1.0.5 6.00 41.00 47.00 OK

Check Details

Version: 1.0.5
Check: LazyData
Result: NOTE
     'LazyData' is specified without a 'data' directory
Flavors: r-devel-linux-x86_64-debian-clang, r-devel-linux-x86_64-debian-gcc, r-devel-linux-x86_64-fedora-clang, r-devel-linux-x86_64-fedora-gcc, r-devel-windows-x86_64, r-devel-windows-x86_64-gcc10-UCRT, r-patched-linux-x86_64, r-patched-solaris-x86, r-release-linux-x86_64, r-release-macos-arm64, r-release-macos-x86_64, r-release-windows-ix86+x86_64