Last updated on 2024-03-28 10:49:53 CET.
Flavor | Version | Tinstall | Tcheck | Ttotal | Status | Flags |
---|---|---|---|---|---|---|
r-devel-linux-x86_64-debian-clang | 1.0.1 | 7.49 | 78.29 | 85.78 | NOTE | |
r-devel-linux-x86_64-debian-gcc | 1.0.1 | 6.41 | 59.76 | 66.17 | NOTE | |
r-devel-linux-x86_64-fedora-clang | 1.0.1 | 107.72 | NOTE | |||
r-devel-linux-x86_64-fedora-gcc | 1.0.1 | 117.18 | NOTE | |||
r-devel-windows-x86_64 | 1.0.1 | 7.00 | 74.00 | 81.00 | NOTE | |
r-patched-linux-x86_64 | 1.0.1 | 6.68 | 76.55 | 83.23 | NOTE | |
r-release-linux-x86_64 | 1.0.1 | 5.38 | 77.47 | 82.85 | NOTE | |
r-release-macos-arm64 | 1.0.1 | 41.00 | NOTE | |||
r-release-macos-x86_64 | 1.0.1 | 69.00 | NOTE | |||
r-release-windows-x86_64 | 1.0.1 | 10.00 | 88.00 | 98.00 | NOTE | |
r-oldrel-macos-arm64 | 1.0.1 | 33.00 | OK | |||
r-oldrel-windows-x86_64 | 1.0.1 | 10.00 | 90.00 | 100.00 | OK |
Version: 1.0.1
Check: package subdirectories
Result: NOTE
Problems with news in ‘NEWS.md’:
No news entries found.
Flavors: r-devel-linux-x86_64-debian-clang, r-devel-linux-x86_64-debian-gcc, r-devel-linux-x86_64-fedora-clang, r-devel-linux-x86_64-fedora-gcc, r-devel-windows-x86_64, r-patched-linux-x86_64, r-release-linux-x86_64, r-release-macos-arm64, r-release-macos-x86_64, r-release-windows-x86_64