Last updated on 2024-03-28 10:49:53 CET.
Flavor | Version | Tinstall | Tcheck | Ttotal | Status | Flags |
---|---|---|---|---|---|---|
r-devel-linux-x86_64-debian-clang | 1.7.8 | 11.14 | 97.28 | 108.42 | NOTE | |
r-devel-linux-x86_64-debian-gcc | 1.7.8 | 10.20 | 73.22 | 83.42 | NOTE | |
r-devel-linux-x86_64-fedora-clang | 1.7.8 | 138.12 | NOTE | |||
r-devel-linux-x86_64-fedora-gcc | 1.7.8 | 131.72 | NOTE | |||
r-devel-windows-x86_64 | 1.7.8 | 11.00 | 86.00 | 97.00 | NOTE | |
r-patched-linux-x86_64 | 1.7.8 | 10.77 | 94.36 | 105.13 | NOTE | |
r-release-linux-x86_64 | 1.7.8 | 13.54 | 97.56 | 111.10 | OK | |
r-release-macos-arm64 | 1.7.8 | 45.00 | OK | |||
r-release-macos-x86_64 | 1.7.8 | 71.00 | OK | |||
r-release-windows-x86_64 | 1.7.8 | 15.00 | 105.00 | 120.00 | OK | |
r-oldrel-macos-arm64 | 1.7.8 | 35.00 | OK | |||
r-oldrel-windows-x86_64 | 1.7.8 | 15.00 | 109.00 | 124.00 | OK |
Version: 1.7.8
Check: Rd files
Result: NOTE
checkRd: (-1) chemnet.Rd:111: Lost braces in \itemize; meant \describe ?
checkRd: (-1) chemnet.Rd:112: Lost braces in \itemize; meant \describe ?
checkRd: (-1) knecht.Rd:103: Lost braces in \itemize; meant \describe ?
checkRd: (-1) knecht.Rd:104: Lost braces in \itemize; meant \describe ?
checkRd: (-1) knecht.Rd:105: Lost braces in \itemize; meant \describe ?
Flavors: r-devel-linux-x86_64-debian-clang, r-devel-linux-x86_64-debian-gcc, r-devel-linux-x86_64-fedora-clang, r-devel-linux-x86_64-fedora-gcc, r-devel-windows-x86_64, r-patched-linux-x86_64
Version: 1.7.8
Check: Rd cross-references
Result: NOTE
Undeclared package ‘RSiena’ in Rd xrefs
Flavor: r-devel-linux-x86_64-fedora-clang