CRAN Package Check Results for Package x13binary

Last updated on 2021-10-19 09:54:32 CEST.

Flavor Version Tinstall Tcheck Ttotal Status Flags
r-devel-linux-x86_64-debian-clang 1.1.57-2 2.77 24.31 27.08 OK
r-devel-linux-x86_64-debian-gcc 1.1.57-2 2.28 16.80 19.08 OK
r-devel-linux-x86_64-fedora-clang 1.1.57-2 42.96 NOTE
r-devel-linux-x86_64-fedora-gcc 1.1.57-2 30.74 OK
r-devel-windows-x86_64 1.1.57-2 7.00 30.00 37.00 OK
r-devel-windows-x86_64-gcc10-UCRT 1.1.57-2 OK
r-patched-linux-x86_64 1.1.57-2 2.85 22.48 25.33 OK
r-patched-solaris-x86 1.1.57-2 4.90 ERROR
r-release-linux-x86_64 1.1.57-2 2.75 21.75 24.50 OK
r-release-macos-arm64 1.1.57-2 NOTE
r-release-macos-x86_64 1.1.57-2 NOTE
r-release-windows-ix86+x86_64 1.1.57-2 7.00 26.00 33.00 OK
r-oldrel-macos-x86_64 1.1.57-2 NOTE
r-oldrel-windows-ix86+x86_64 1.1.57-2 7.00 26.00 33.00 OK

Check Details

Version: 1.1.57-2
Check: installed package size
Result: NOTE
     installed size is 5.8Mb
     sub-directories of 1Mb or more:
     bin 5.7Mb
Flavors: r-devel-linux-x86_64-fedora-clang, r-release-macos-arm64, r-release-macos-x86_64, r-oldrel-macos-x86_64

Version: 1.1.57-2
Check: whether package can be installed
Result: ERROR
    Installation failed.
Flavor: r-patched-solaris-x86