Last updated on 2024-08-07 10:49:45 CEST.
Flavor | Version | Tinstall | Tcheck | Ttotal | Status | Flags |
---|---|---|---|---|---|---|
r-devel-linux-x86_64-debian-clang | 1.1.61 | 206.29 | 22.69 | 228.98 | OK | |
r-devel-linux-x86_64-debian-gcc | 1.1.61 | 33.88 | 16.79 | 50.67 | OK | |
r-devel-linux-x86_64-fedora-clang | 1.1.61 | 340.72 | NOTE | |||
r-devel-linux-x86_64-fedora-gcc | 1.1.61 | 120.50 | OK | |||
r-devel-windows-x86_64 | 1.1.61 | 134.00 | 38.00 | 172.00 | NOTE | |
r-patched-linux-x86_64 | 1.1.61 | 40.36 | 20.77 | 61.13 | OK | |
r-release-linux-x86_64 | 1.1.61 | 41.43 | 20.99 | 62.42 | OK | |
r-release-macos-arm64 | 1.1.61 | 98.00 | OK | |||
r-release-macos-x86_64 | 1.1.61 | 87.00 | OK | |||
r-release-windows-x86_64 | 1.1.61 | 119.00 | 37.00 | 156.00 | NOTE | |
r-oldrel-macos-arm64 | 1.1.61 | 102.00 | OK | |||
r-oldrel-macos-x86_64 | 1.1.61 | 85.00 | OK | |||
r-oldrel-windows-x86_64 | 1.1.61 | 150.00 | 37.00 | 187.00 | NOTE |
Version: 1.1.61
Check: installed package size
Result: NOTE
installed size is 9.9Mb
sub-directories of 1Mb or more:
bin 9.7Mb
Flavors: r-devel-linux-x86_64-fedora-clang, r-devel-windows-x86_64, r-release-windows-x86_64, r-oldrel-windows-x86_64