CRAN Package Check Results for Package wingui

Last updated on 2021-10-20 09:55:27 CEST.

Flavor Version Tinstall Tcheck Ttotal Status Flags
r-devel-linux-x86_64-debian-clang 0.2 2.77 27.77 30.54 OK
r-devel-linux-x86_64-debian-gcc 0.2 2.42 21.59 24.01 OK
r-devel-linux-x86_64-fedora-clang 0.2 48.55 NOTE
r-devel-linux-x86_64-fedora-gcc 0.2 37.67 NOTE
r-devel-windows-x86_64 0.2 33.00 51.00 84.00 NOTE
r-devel-windows-x86_64-gcc10-UCRT 0.2 NOTE
r-patched-linux-x86_64 0.2 3.06 26.63 29.69 OK
r-patched-solaris-x86 0.2 56.30 OK
r-release-linux-x86_64 0.2 2.89 27.08 29.97 OK
r-release-macos-arm64 0.2 OK
r-release-macos-x86_64 0.2 OK
r-release-windows-ix86+x86_64 0.2 49.00 79.00 128.00 NOTE
r-oldrel-macos-x86_64 0.2 OK
r-oldrel-windows-ix86+x86_64 0.2 62.00 79.00 141.00 NOTE

Check Details

Version: 0.2
Check: compiled code
Result: NOTE
    File ‘wingui/libs/wingui.so’:
     Found no calls to: ‘R_registerRoutines’, ‘R_useDynamicSymbols’
    
    It is good practice to register native routines and to disable symbol
    search.
    
    See ‘Writing portable packages’ in the ‘Writing R Extensions’ manual.
Flavors: r-devel-linux-x86_64-fedora-clang, r-devel-linux-x86_64-fedora-gcc

Version: 0.2
Check: R code for possible problems
Result: NOTE
    .__A__.1 : <anonymous>: no visible binding for global variable '.hwnd'
    Undefined global functions or variables:
     .hwnd
Flavors: r-devel-windows-x86_64, r-devel-windows-x86_64-gcc10-UCRT, r-release-windows-ix86+x86_64, r-oldrel-windows-ix86+x86_64