CRAN Package Check Results for Package webshot

Last updated on 2021-09-22 09:52:54 CEST.

Flavor Version Tinstall Tcheck Ttotal Status Flags
r-devel-linux-x86_64-debian-clang 0.5.2 2.75 23.48 26.23 OK
r-devel-linux-x86_64-debian-gcc 0.5.2 1.91 18.68 20.59 OK
r-devel-linux-x86_64-fedora-clang 0.5.2 40.70 OK
r-devel-linux-x86_64-fedora-gcc 0.5.2 30.00 OK
r-devel-windows-x86_64 0.5.2 4.00 29.00 33.00 OK --no-vignettes
r-devel-windows-x86_64-gcc10-UCRT 0.5.2 ERROR
r-patched-linux-x86_64 0.5.2 2.79 23.07 25.86 OK
r-patched-solaris-x86 0.5.2 48.50 OK
r-release-linux-x86_64 0.5.2 2.66 23.36 26.02 OK
r-release-macos-arm64 0.5.2 OK
r-release-macos-x86_64 0.5.2 OK
r-release-windows-ix86+x86_64 0.5.2 7.00 27.00 34.00 OK --no-vignettes
r-oldrel-macos-x86_64 0.5.2 OK
r-oldrel-windows-ix86+x86_64 0.5.2 6.00 28.00 34.00 OK --no-vignettes

Check Details

Version: 0.5.2
Check: PDF version of manual
Result: WARN
    LaTeX errors when creating PDF version.
    This typically indicates Rd problems.
Flavor: r-devel-windows-x86_64-gcc10-UCRT

Version: 0.5.2
Check: PDF version of manual without hyperrefs or index
Result: ERROR
    Re-running with no redirection of stdout/stderr.
Flavor: r-devel-windows-x86_64-gcc10-UCRT