CRAN Package Check Results for Package webdeveloper

Last updated on 2021-10-16 09:54:36 CEST.

Flavor Version Tinstall Tcheck Ttotal Status Flags
r-devel-linux-x86_64-debian-clang 0.1.0 2.77 27.93 30.70 NOTE
r-devel-linux-x86_64-debian-gcc 0.1.0 2.32 22.43 24.75 NOTE
r-devel-linux-x86_64-fedora-clang 0.1.0 48.02 NOTE
r-devel-linux-x86_64-fedora-gcc 0.1.0 36.80 NOTE
r-devel-windows-x86_64 0.1.0 5.00 36.00 41.00 NOTE
r-devel-windows-x86_64-gcc10-UCRT 0.1.0 NOTE
r-patched-linux-x86_64 0.1.0 3.10 27.58 30.68 NOTE
r-patched-solaris-x86 0.1.0 62.00 NOTE
r-release-linux-x86_64 0.1.0 2.97 27.77 30.74 NOTE
r-release-macos-arm64 0.1.0 NOTE
r-release-macos-x86_64 0.1.0 NOTE
r-release-windows-ix86+x86_64 0.1.0 7.00 48.00 55.00 NOTE
r-oldrel-macos-x86_64 0.1.0 OK
r-oldrel-windows-ix86+x86_64 0.1.0 8.00 46.00 54.00 OK

Check Details

Version: 0.1.0
Check: LazyData
Result: NOTE
     'LazyData' is specified without a 'data' directory
Flavors: r-devel-linux-x86_64-debian-clang, r-devel-linux-x86_64-debian-gcc, r-devel-linux-x86_64-fedora-clang, r-devel-linux-x86_64-fedora-gcc, r-devel-windows-x86_64, r-devel-windows-x86_64-gcc10-UCRT, r-patched-linux-x86_64, r-patched-solaris-x86, r-release-linux-x86_64, r-release-macos-arm64, r-release-macos-x86_64, r-release-windows-ix86+x86_64