CRAN Package Check Results for Package wdm

Last updated on 2021-12-01 09:54:46 CET.

Flavor Version Tinstall Tcheck Ttotal Status Flags
r-devel-linux-x86_64-debian-clang 0.2.2 27.12 44.95 72.07 NOTE
r-devel-linux-x86_64-debian-gcc 0.2.2 17.39 34.32 51.71 NOTE
r-devel-linux-x86_64-fedora-clang 0.2.2 103.31 NOTE
r-devel-linux-x86_64-fedora-gcc 0.2.2 83.75 NOTE
r-devel-windows-x86_64-new-UL 0.2.2 33.00 106.00 139.00 NOTE
r-devel-windows-x86_64-new-TK 0.2.2 NOTE
r-devel-windows-x86_64-old 0.2.2 30.00 60.00 90.00 NOTE
r-patched-linux-x86_64 0.2.2 23.79 41.96 65.75 NOTE
r-patched-solaris-x86 0.2.2 98.70 NOTE
r-release-linux-x86_64 0.2.2 24.17 42.20 66.37 NOTE
r-release-macos-arm64 0.2.2 NOTE
r-release-macos-x86_64 0.2.2 NOTE
r-release-windows-ix86+x86_64 0.2.2 54.00 83.00 137.00 NOTE
r-oldrel-macos-x86_64 0.2.2 OK
r-oldrel-windows-ix86+x86_64 0.2.2 46.00 80.00 126.00 OK

Check Details

Version: 0.2.2
Check: LazyData
Result: NOTE
     'LazyData' is specified without a 'data' directory
Flavors: r-devel-linux-x86_64-debian-clang, r-devel-linux-x86_64-debian-gcc, r-devel-linux-x86_64-fedora-clang, r-devel-linux-x86_64-fedora-gcc, r-devel-windows-x86_64-new-UL, r-devel-windows-x86_64-new-TK, r-devel-windows-x86_64-old, r-patched-linux-x86_64, r-patched-solaris-x86, r-release-linux-x86_64, r-release-macos-arm64, r-release-macos-x86_64, r-release-windows-ix86+x86_64