CRAN Package Check Results for Package wavethresh

Last updated on 2021-10-19 09:54:31 CEST.

Flavor Version Tinstall Tcheck Ttotal Status Flags
r-devel-linux-x86_64-debian-clang 4.6.8 28.68 110.15 138.83 OK
r-devel-linux-x86_64-debian-gcc 4.6.8 21.23 84.22 105.45 OK
r-devel-linux-x86_64-fedora-clang 4.6.8 185.43 NOTE
r-devel-linux-x86_64-fedora-gcc 4.6.8 168.77 NOTE
r-devel-windows-x86_64 4.6.8 38.00 109.00 147.00 OK
r-devel-windows-x86_64-gcc10-UCRT 4.6.8 OK
r-patched-linux-x86_64 4.6.8 30.14 109.05 139.19 OK
r-patched-solaris-x86 4.6.8 200.70 OK
r-release-linux-x86_64 4.6.8 23.38 106.30 129.68 OK
r-release-macos-arm64 4.6.8 OK
r-release-macos-x86_64 4.6.8 OK
r-release-windows-ix86+x86_64 4.6.8 39.00 161.00 200.00 OK
r-oldrel-macos-x86_64 4.6.8 OK
r-oldrel-windows-ix86+x86_64 4.6.8 49.00 165.00 214.00 OK

Check Details

Version: 4.6.8
Check: compiled code
Result: NOTE
    File ‘wavethresh/libs/wavethresh.so’:
     Found no calls to: ‘R_registerRoutines’, ‘R_useDynamicSymbols’
    
    It is good practice to register native routines and to disable symbol
    search.
    
    See ‘Writing portable packages’ in the ‘Writing R Extensions’ manual.
Flavors: r-devel-linux-x86_64-fedora-clang, r-devel-linux-x86_64-fedora-gcc