Last updated on 2024-03-28 10:49:53 CET.
Flavor | Version | Tinstall | Tcheck | Ttotal | Status | Flags |
---|---|---|---|---|---|---|
r-devel-linux-x86_64-debian-clang | 1.1.30 | 48.84 | 265.92 | 314.76 | OK | |
r-devel-linux-x86_64-debian-gcc | 1.1.30 | 42.18 | 185.97 | 228.15 | OK | |
r-devel-linux-x86_64-fedora-clang | 1.1.30 | 414.53 | NOTE | |||
r-devel-linux-x86_64-fedora-gcc | 1.1.30 | 417.07 | OK | |||
r-devel-windows-x86_64 | 1.1.30 | 43.00 | 237.00 | 280.00 | NOTE | |
r-patched-linux-x86_64 | 1.1.30 | 56.36 | 247.68 | 304.04 | OK | |
r-release-linux-x86_64 | 1.1.30 | 59.59 | 244.55 | 304.14 | OK | |
r-release-macos-arm64 | 1.1.30 | 108.00 | NOTE | |||
r-release-macos-x86_64 | 1.1.30 | 230.00 | NOTE | |||
r-release-windows-x86_64 | 1.1.30 | 60.00 | 292.00 | 352.00 | NOTE | |
r-oldrel-macos-arm64 | 1.1.30 | 110.00 | NOTE | |||
r-oldrel-windows-x86_64 | 1.1.30 | 59.00 | 258.00 | 317.00 | NOTE |
Version: 1.1.30
Check: installed package size
Result: NOTE
installed size is 8.2Mb
sub-directories of 1Mb or more:
R 1.1Mb
doc 6.4Mb
Flavors: r-devel-linux-x86_64-fedora-clang, r-devel-windows-x86_64, r-release-macos-arm64, r-release-macos-x86_64, r-release-windows-x86_64, r-oldrel-macos-arm64, r-oldrel-windows-x86_64