Last updated on 2024-04-18 10:50:08 CEST.
Flavor | Version | Tinstall | Tcheck | Ttotal | Status | Flags |
---|---|---|---|---|---|---|
r-devel-linux-x86_64-debian-clang | 1.1.2-7 | 609.99 | 69.59 | 679.58 | NOTE | |
r-devel-linux-x86_64-debian-gcc | 1.1.2-7 | 564.62 | 78.12 | 642.74 | NOTE | |
r-devel-linux-x86_64-fedora-clang | 1.1.2-7 | 900.91 | NOTE | |||
r-devel-linux-x86_64-fedora-gcc | 1.1.2-7 | 1154.62 | NOTE | |||
r-prerel-macos-arm64 | 1.1.2-7 | 183.00 | NOTE | |||
r-prerel-windows-x86_64 | 1.1.2-7 | 498.00 | 132.00 | 630.00 | NOTE | |
r-patched-linux-x86_64 | 1.1.2-7 | 648.73 | 99.62 | 748.35 | NOTE | |
r-release-linux-x86_64 | 1.1.2-7 | 666.37 | 99.93 | 766.30 | OK | |
r-release-macos-arm64 | 1.1.2-7 | 195.00 | NOTE | |||
r-release-macos-x86_64 | 1.1.2-7 | 241.00 | NOTE | |||
r-release-windows-x86_64 | 1.1.2-7 | 631.00 | 153.00 | 784.00 | OK | |
r-oldrel-macos-arm64 | 1.1.2-7 | 205.00 | NOTE | |||
r-oldrel-windows-x86_64 | 1.1.2-7 | 592.00 | 134.00 | 726.00 | OK |
Version: 1.1.2-7
Check: Rd files
Result: NOTE
checkRd: (-1) compute_indicators.Rd:17: Lost braces in \itemize; meant \describe ?
checkRd: (-1) compute_indicators.Rd:18: Lost braces in \itemize; meant \describe ?
checkRd: (-1) compute_indicators.Rd:19: Lost braces in \itemize; meant \describe ?
checkRd: (-1) compute_indicators.Rd:20: Lost braces in \itemize; meant \describe ?
checkRd: (-1) compute_indicators.Rd:21: Lost braces in \itemize; meant \describe ?
checkRd: (-1) compute_indicators.Rd:22: Lost braces in \itemize; meant \describe ?
checkRd: (-1) direct_sampling.Rd:12: Lost braces in \itemize; meant \describe ?
checkRd: (-1) direct_sampling.Rd:13: Lost braces in \itemize; meant \describe ?
checkRd: (-1) direct_sampling.Rd:14: Lost braces in \itemize; meant \describe ?
checkRd: (-1) direct_sampling.Rd:15: Lost braces in \itemize; meant \describe ?
checkRd: (-1) gen_rand_hpoly.Rd:16: Lost braces in \itemize; meant \describe ?
checkRd: (-1) gen_rand_hpoly.Rd:17: Lost braces in \itemize; meant \describe ?
checkRd: (-1) gen_rand_vpoly.Rd:16: Lost braces in \itemize; meant \describe ?
checkRd: (-1) gen_rand_vpoly.Rd:17: Lost braces in \itemize; meant \describe ?
checkRd: (-1) gen_rand_zonotope.Rd:20: Lost braces in \itemize; meant \describe ?
checkRd: (-1) gen_rand_zonotope.Rd:21: Lost braces in \itemize; meant \describe ?
checkRd: (-1) round_polytope.Rd:14: Lost braces in \itemize; meant \describe ?
checkRd: (-1) round_polytope.Rd:15: Lost braces in \itemize; meant \describe ?
checkRd: (-1) round_polytope.Rd:16: Lost braces in \itemize; meant \describe ?
checkRd: (-1) sample_points.Rd:16: Lost braces in \itemize; meant \describe ?
checkRd: (-1) sample_points.Rd:17: Lost braces in \itemize; meant \describe ?
checkRd: (-1) sample_points.Rd:18: Lost braces in \itemize; meant \describe ?
checkRd: (-1) sample_points.Rd:19: Lost braces in \itemize; meant \describe ?
checkRd: (-1) sample_points.Rd:20: Lost braces in \itemize; meant \describe ?
checkRd: (-1) sample_points.Rd:21: Lost braces in \itemize; meant \describe ?
checkRd: (-1) sample_points.Rd:22: Lost braces in \itemize; meant \describe ?
checkRd: (-1) sample_points.Rd:27: Lost braces in \itemize; meant \describe ?
checkRd: (-1) sample_points.Rd:28: Lost braces in \itemize; meant \describe ?
checkRd: (-1) sample_points.Rd:29: Lost braces in \itemize; meant \describe ?
checkRd: (-1) volume.Rd:14: Lost braces in \itemize; meant \describe ?
checkRd: (-1) volume.Rd:15: Lost braces in \itemize; meant \describe ?
checkRd: (-1) volume.Rd:16: Lost braces in \itemize; meant \describe ?
checkRd: (-1) volume.Rd:17: Lost braces in \itemize; meant \describe ?
checkRd: (-1) volume.Rd:18: Lost braces in \itemize; meant \describe ?
checkRd: (-1) volume.Rd:19: Lost braces in \itemize; meant \describe ?
checkRd: (-1) volume.Rd:20: Lost braces in \itemize; meant \describe ?
checkRd: (-1) zonotope_approximation.Rd:20: Lost braces in \itemize; meant \describe ?
checkRd: (-1) zonotope_approximation.Rd:21: Lost braces in \itemize; meant \describe ?
checkRd: (-1) zonotope_approximation.Rd:22: Lost braces in \itemize; meant \describe ?
checkRd: (-1) zonotope_approximation.Rd:23: Lost braces in \itemize; meant \describe ?
checkRd: (-1) zonotope_approximation.Rd:24: Lost braces in \itemize; meant \describe ?
Flavors: r-devel-linux-x86_64-debian-clang, r-devel-linux-x86_64-debian-gcc, r-devel-linux-x86_64-fedora-clang, r-devel-linux-x86_64-fedora-gcc, r-prerel-macos-arm64, r-prerel-windows-x86_64, r-patched-linux-x86_64
Version: 1.1.2-7
Check: installed package size
Result: NOTE
installed size is 62.0Mb
sub-directories of 1Mb or more:
libs 61.7Mb
Flavors: r-prerel-macos-arm64, r-release-macos-arm64, r-release-macos-x86_64, r-oldrel-macos-arm64