CRAN Package Check Results for Package vmsbase

Last updated on 2021-07-29 10:53:23 CEST.

Flavor Version Tinstall Tcheck Ttotal Status Flags
r-devel-linux-x86_64-debian-clang 2.2.1 OK
r-devel-linux-x86_64-debian-gcc 2.2.1 41.24 219.74 260.98 OK
r-devel-linux-x86_64-fedora-clang 2.2.1 356.11 NOTE
r-devel-linux-x86_64-fedora-gcc 2.2.1 467.06 OK
r-devel-windows-x86_64 2.2.1 61.00 258.00 319.00 OK
r-devel-windows-x86_64-gcc10-UCRT 2.2.1 OK
r-patched-linux-x86_64 2.2.1 60.82 246.54 307.36 OK
r-patched-solaris-x86 2.2.1 445.20 OK
r-release-linux-x86_64 2.2.1 54.77 248.51 303.28 OK
r-release-macos-arm64 2.2.1 ERROR
r-release-macos-x86_64 2.2.1 OK
r-release-windows-ix86+x86_64 2.2.1 80.00 182.00 262.00 OK
r-oldrel-macos-x86_64 2.2.1 OK
r-oldrel-windows-ix86+x86_64 2.2.1 80.00 278.00 358.00 OK

Check Details

Version: 2.2.1
Check: package dependencies
Result: NOTE
    Imports includes 23 non-default packages.
    Importing from so many packages makes the package vulnerable to any of
    them becoming unavailable. Move as many as possible to Suggests and
    use conditionally.
Flavor: r-devel-linux-x86_64-fedora-clang

Version: 2.2.1
Check: package dependencies
Result: ERROR
    Packages required but not available: 'cairoDevice', 'gWidgets2RGtk2'
    
    See section ‘The DESCRIPTION file’ in the ‘Writing R Extensions’
    manual.
Flavor: r-release-macos-arm64