CRAN Package Check Results for Package visTree

Last updated on 2021-10-23 10:57:11 CEST.

Flavor Version Tinstall Tcheck Ttotal Status Flags
r-devel-linux-x86_64-debian-clang 0.8.1 7.62 77.43 85.05 OK
r-devel-linux-x86_64-debian-gcc 0.8.1 6.84 60.03 66.87 OK
r-devel-linux-x86_64-fedora-clang 0.8.1 113.29 NOTE
r-devel-linux-x86_64-fedora-gcc 0.8.1 101.27 NOTE
r-devel-windows-x86_64 0.8.1 13.00 77.00 90.00 OK
r-devel-windows-x86_64-gcc10-UCRT 0.8.1 NOTE
r-patched-linux-x86_64 0.8.1 8.73 75.66 84.39 OK
r-patched-solaris-x86 0.8.1 143.30 NOTE
r-release-linux-x86_64 0.8.1 8.59 75.22 83.81 OK
r-release-macos-arm64 0.8.1 NOTE
r-release-macos-x86_64 0.8.1 NOTE
r-release-windows-ix86+x86_64 0.8.1 13.00 107.00 120.00 OK
r-oldrel-macos-x86_64 0.8.1 NOTE
r-oldrel-windows-ix86+x86_64 0.8.1 20.00 104.00 124.00 OK

Check Details

Version: 0.8.1
Check: dependencies in R code
Result: NOTE
    Namespace in Imports field not imported from: ‘rpart’
     All declared Imports should be used.
Flavors: r-devel-linux-x86_64-fedora-clang, r-devel-linux-x86_64-fedora-gcc, r-devel-windows-x86_64-gcc10-UCRT, r-patched-solaris-x86, r-release-macos-arm64, r-release-macos-x86_64, r-oldrel-macos-x86_64