CRAN Package Check Results for Package viridisLite

Last updated on 2021-09-23 10:53:53 CEST.

Flavor Version Tinstall Tcheck Ttotal Status Flags
r-devel-linux-x86_64-debian-clang 0.4.0 2.02 27.35 29.37 OK
r-devel-linux-x86_64-debian-gcc 0.4.0 1.10 21.52 22.62 OK
r-devel-linux-x86_64-fedora-clang 0.4.0 44.63 OK
r-devel-linux-x86_64-fedora-gcc 0.4.0 32.00 OK
r-devel-windows-x86_64 0.4.0 4.00 33.00 37.00 OK
r-devel-windows-x86_64-gcc10-UCRT 0.4.0 ERROR
r-patched-linux-x86_64 0.4.0 1.83 26.59 28.42 OK
r-patched-solaris-x86 0.4.0 51.60 OK
r-release-linux-x86_64 0.4.0 1.81 26.42 28.23 OK
r-release-macos-arm64 0.4.0 OK
r-release-macos-x86_64 0.4.0 OK
r-release-windows-ix86+x86_64 0.4.0 6.00 31.00 37.00 OK
r-oldrel-macos-x86_64 0.4.0 OK
r-oldrel-windows-ix86+x86_64 0.4.0 18.00 30.00 48.00 OK

Check Details

Version: 0.4.0
Check: PDF version of manual
Result: WARN
    LaTeX errors when creating PDF version.
    This typically indicates Rd problems.
Flavor: r-devel-windows-x86_64-gcc10-UCRT

Version: 0.4.0
Check: PDF version of manual without hyperrefs or index
Result: ERROR
    Re-running with no redirection of stdout/stderr.
Flavor: r-devel-windows-x86_64-gcc10-UCRT