CRAN Package Check Results for Package viridis

Last updated on 2021-09-19 09:50:50 CEST.

Flavor Version Tinstall Tcheck Ttotal Status Flags
r-devel-linux-x86_64-debian-clang 0.6.1 4.83 74.65 79.48 OK
r-devel-linux-x86_64-debian-gcc 0.6.1 3.69 55.31 59.00 OK
r-devel-linux-x86_64-fedora-clang 0.6.1 102.30 NOTE
r-devel-linux-x86_64-fedora-gcc 0.6.1 87.61 NOTE
r-devel-windows-x86_64 0.6.1 8.00 73.00 81.00 OK --no-vignettes
r-devel-windows-x86_64-gcc10-UCRT 0.6.1 ERROR
r-patched-linux-x86_64 0.6.1 4.32 67.96 72.28 OK
r-patched-solaris-x86 0.6.1 129.60 NOTE
r-release-linux-x86_64 0.6.1 4.44 68.94 73.38 OK
r-release-macos-arm64 0.6.1 NOTE
r-release-macos-x86_64 0.6.1 NOTE
r-release-windows-ix86+x86_64 0.6.1 13.00 51.00 64.00 OK --no-vignettes
r-oldrel-macos-x86_64 0.6.1 NOTE
r-oldrel-windows-ix86+x86_64 0.6.1 13.00 53.00 66.00 OK --no-vignettes

Check Details

Version: 0.6.1
Check: dependencies in R code
Result: NOTE
    Namespace in Imports field not imported from: ‘stats’
     All declared Imports should be used.
Flavors: r-devel-linux-x86_64-fedora-clang, r-devel-linux-x86_64-fedora-gcc, r-devel-windows-x86_64-gcc10-UCRT, r-patched-solaris-x86, r-release-macos-arm64, r-release-macos-x86_64, r-oldrel-macos-x86_64

Version: 0.6.1
Check: whether package can be installed
Result: WARN
    Found the following significant warnings:
     WARNING: installation-time patches will not be applied, could not get the patches index
Flavor: r-devel-windows-x86_64-gcc10-UCRT

Version: 0.6.1
Check: PDF version of manual
Result: WARN
    LaTeX errors when creating PDF version.
    This typically indicates Rd problems.
Flavor: r-devel-windows-x86_64-gcc10-UCRT

Version: 0.6.1
Check: PDF version of manual without hyperrefs or index
Result: ERROR
    Re-running with no redirection of stdout/stderr.
Flavor: r-devel-windows-x86_64-gcc10-UCRT