CRAN Package Check Results for Package versions

Last updated on 2021-12-06 09:53:45 CET.

Flavor Version Tinstall Tcheck Ttotal Status Flags
r-devel-linux-x86_64-debian-clang 0.3 1.91 28.29 30.20 NOTE
r-devel-linux-x86_64-debian-gcc 0.3 1.29 22.44 23.73 NOTE
r-devel-linux-x86_64-fedora-clang 0.3 40.15 NOTE
r-devel-linux-x86_64-fedora-gcc 0.3 26.90 NOTE
r-devel-windows-x86_64-new-UL 0.3 5.00 48.00 53.00 NOTE
r-devel-windows-x86_64-new-TK 0.3 NOTE
r-devel-windows-x86_64-old 0.3 4.00 26.00 30.00 NOTE
r-patched-linux-x86_64 0.3 2.02 19.11 21.13 NOTE
r-release-linux-x86_64 0.3 1.87 26.91 28.78 NOTE
r-release-macos-arm64 0.3 NOTE
r-release-macos-x86_64 0.3 NOTE
r-release-windows-ix86+x86_64 0.3 5.00 26.00 31.00 NOTE
r-oldrel-macos-x86_64 0.3 OK
r-oldrel-windows-ix86+x86_64 0.3 4.00 25.00 29.00 OK

Check Details

Version: 0.3
Check: LazyData
Result: NOTE
     'LazyData' is specified without a 'data' directory
Flavors: r-devel-linux-x86_64-debian-clang, r-devel-linux-x86_64-debian-gcc, r-devel-linux-x86_64-fedora-clang, r-devel-linux-x86_64-fedora-gcc, r-devel-windows-x86_64-new-UL, r-devel-windows-x86_64-new-TK, r-devel-windows-x86_64-old, r-patched-linux-x86_64, r-release-linux-x86_64, r-release-macos-arm64, r-release-macos-x86_64, r-release-windows-ix86+x86_64