CRAN Package Check Results for Package vec2dtransf

Last updated on 2021-10-26 10:04:45 CEST.

Flavor Version Tinstall Tcheck Ttotal Status Flags
r-devel-linux-x86_64-debian-clang 1.1 4.15 32.73 36.88 NOTE
r-devel-linux-x86_64-debian-gcc 1.1 3.55 25.67 29.22 NOTE
r-devel-linux-x86_64-fedora-clang 1.1 56.46 NOTE
r-devel-linux-x86_64-fedora-gcc 1.1 45.51 NOTE
r-devel-windows-x86_64 1.1 10.00 42.00 52.00 NOTE
r-devel-windows-x86_64-gcc10-UCRT 1.1 NOTE
r-patched-linux-x86_64 1.1 6.05 31.53 37.58 NOTE
r-patched-solaris-x86 1.1 73.70 NOTE
r-release-linux-x86_64 1.1 4.74 31.27 36.01 NOTE
r-release-macos-arm64 1.1 NOTE
r-release-macos-x86_64 1.1 NOTE
r-release-windows-ix86+x86_64 1.1 8.00 55.00 63.00 NOTE
r-oldrel-macos-x86_64 1.1 NOTE
r-oldrel-windows-ix86+x86_64 1.1 13.00 55.00 68.00 NOTE

Check Details

Version: 1.1
Check: R code for possible problems
Result: NOTE
    calculateParameters,AffineTransformation: no visible global function
     definition for 'lm'
    calculateParameters,AffineTransformation: no visible global function
     definition for 'coef'
    calculateParameters,SimilarityTransformation: no visible global
     function definition for 'lm'
    calculateParameters,SimilarityTransformation: no visible global
     function definition for 'coef'
    plotGridTransformation,Cartesian2DCoordinateTransformation: no visible
     global function definition for 'points'
    plotGridTransformation,Cartesian2DCoordinateTransformation: no visible
     global function definition for 'legend'
    Undefined global functions or variables:
     coef legend lm points
    Consider adding
     importFrom("graphics", "legend", "points")
     importFrom("stats", "coef", "lm")
    to your NAMESPACE file.
Flavors: r-devel-linux-x86_64-debian-clang, r-devel-linux-x86_64-debian-gcc, r-devel-linux-x86_64-fedora-clang, r-devel-linux-x86_64-fedora-gcc, r-devel-windows-x86_64, r-devel-windows-x86_64-gcc10-UCRT, r-patched-linux-x86_64, r-patched-solaris-x86, r-release-linux-x86_64, r-release-macos-arm64, r-release-macos-x86_64, r-release-windows-ix86+x86_64, r-oldrel-macos-x86_64, r-oldrel-windows-ix86+x86_64