CRAN Package Check Results for Package vcvComp

Last updated on 2021-09-22 09:52:54 CEST.

Flavor Version Tinstall Tcheck Ttotal Status Flags
r-devel-linux-x86_64-debian-clang 1.0.2 2.44 36.37 38.81 OK
r-devel-linux-x86_64-debian-gcc 1.0.2 1.87 27.81 29.68 OK
r-devel-linux-x86_64-fedora-clang 1.0.2 56.94 OK
r-devel-linux-x86_64-fedora-gcc 1.0.2 45.13 OK
r-devel-windows-x86_64 1.0.2 5.00 40.00 45.00 OK
r-devel-windows-x86_64-gcc10-UCRT 1.0.2 ERROR
r-patched-linux-x86_64 1.0.2 2.65 33.88 36.53 OK
r-patched-solaris-x86 1.0.2 67.90 OK
r-release-linux-x86_64 1.0.2 2.35 34.65 37.00 OK
r-release-macos-arm64 1.0.2 OK
r-release-macos-x86_64 1.0.2 OK
r-release-windows-ix86+x86_64 1.0.2 6.00 39.00 45.00 OK
r-oldrel-macos-x86_64 1.0.2 OK
r-oldrel-windows-ix86+x86_64 1.0.2 6.00 40.00 46.00 OK

Check Details

Version: 1.0.2
Check: package dependencies
Result: NOTE
    Package suggested but not available for checking: 'geomorph'
Flavor: r-devel-windows-x86_64-gcc10-UCRT

Version: 1.0.2
Check: re-building of vignette outputs
Result: WARN
    Error(s) in re-building vignettes:
    --- re-building 'vcvComp-worked-example.Rmd' using rmarkdown
    Quitting from lines 46-54 (vcvComp-worked-example.Rmd)
    Error: processing vignette 'vcvComp-worked-example.Rmd' failed with diagnostics:
    there is no package called 'geomorph'
    --- failed re-building 'vcvComp-worked-example.Rmd'
    
    SUMMARY: processing the following file failed:
     'vcvComp-worked-example.Rmd'
    
    Error: Vignette re-building failed.
    Execution halted
Flavor: r-devel-windows-x86_64-gcc10-UCRT

Version: 1.0.2
Check: PDF version of manual
Result: WARN
    LaTeX errors when creating PDF version.
    This typically indicates Rd problems.
Flavor: r-devel-windows-x86_64-gcc10-UCRT

Version: 1.0.2
Check: PDF version of manual without hyperrefs or index
Result: ERROR
    Re-running with no redirection of stdout/stderr.
Flavor: r-devel-windows-x86_64-gcc10-UCRT